{"id":4692,"date":"2025-10-14T15:43:10","date_gmt":"2025-10-14T13:43:10","guid":{"rendered":"https:\/\/3mon.sk\/eshop\/?post_type=product&#038;p=4692"},"modified":"2026-05-01T06:56:21","modified_gmt":"2026-05-01T04:56:21","slug":"hasiaca-deka-hastex","status":"publish","type":"product","link":"https:\/\/3mon.sk\/eshop\/produkt\/hasiaca-deka-hastex\/","title":{"rendered":"Hasiaca deka Hastex 1,2 x 1,8 m"},"content":{"rendered":"<p data-start=\"350\" data-end=\"753\"><strong data-start=\"350\" data-end=\"366\">Hasiaca deka<\/strong> je nevyhnutnou s\u00fa\u010das\u0165ou po\u017eiarnej ochrany v dom\u00e1cnosti, dielni aj priemyseln\u00fdch prev\u00e1dzkach. V\u010faka svojim jedine\u010dn\u00fdm vlastnostiam <strong data-start=\"497\" data-end=\"540\">r\u00fdchlo a \u00fa\u010dinne has\u00ed vznikaj\u00face po\u017eiare<\/strong> v r\u00f4znych prostrediach \u2013 v <strong data-start=\"568\" data-end=\"690\">priemyseln\u00fdch objektoch, laborat\u00f3ri\u00e1ch, \u0161kol\u00e1ch, hoteloch, nemocniciach, skladoch, re\u0161taur\u00e1ci\u00e1ch, \u010derpac\u00edch staniciach<\/strong>, ako aj v <strong data-start=\"701\" data-end=\"750\">automobiloch a in\u00fdch dopravn\u00fdch prostriedkoch<\/strong>.<\/p>\n<p data-start=\"755\" data-end=\"1115\">Skvele sa osved\u010dila aj pri <strong data-start=\"782\" data-end=\"821\">hasen\u00ed mal\u00fdch po\u017eiarov v dom\u00e1cnosti<\/strong> \u2013 napr\u00edklad <strong data-start=\"834\" data-end=\"916\">pri vzplanut\u00ed fritovacieho oleja, kuchynsk\u00fdch spotrebi\u010dov \u010di elektroin\u0161tal\u00e1cie<\/strong>. Uplatnenie n\u00e1jde tie\u017e <strong data-start=\"940\" data-end=\"975\">v dielni, gar\u00e1\u017ei alebo na chate<\/strong>. <strong data-start=\"977\" data-end=\"998\">Hasiaca prikr\u00fdvka<\/strong> je nenahradite\u013en\u00fdm pomocn\u00edkom <strong data-start=\"1029\" data-end=\"1041\">zv\u00e1ra\u010dov<\/strong> a v ka\u017edej prev\u00e1dzke, kde sa <strong data-start=\"1071\" data-end=\"1112\">br\u00fasi alebo pracuje s otvoren\u00fdm oh\u0148om<\/strong>.<\/p>\n<h4 data-start=\"1117\" data-end=\"1139\">\ud83d\udd25 Ako sa pou\u017e\u00edva<\/h4>\n<p data-start=\"1140\" data-end=\"1411\">Pou\u017eitie je ve\u013emi jednoduch\u00e9 \u2013 <strong data-start=\"1171\" data-end=\"1217\">hasiaca deka sa prehod\u00ed na ohnisko po\u017eiaru<\/strong> alebo <strong data-start=\"1224\" data-end=\"1244\">na horiacu osobu<\/strong>, \u010d\u00edm sa <strong data-start=\"1253\" data-end=\"1288\">okam\u017eite zastav\u00ed pr\u00edvod kysl\u00edka<\/strong> a plamene sa uhasia. Deka sa d\u00e1 pou\u017ei\u0165 aj pri <strong data-start=\"1335\" data-end=\"1376\">evaku\u00e1cii os\u00f4b z ohrozen\u00e9ho priestoru<\/strong> ako ochrana pred teplom a dymom.<\/p>\n","protected":false},"excerpt":{"rendered":"<p>Hasiaca deka je nevyhnutnou s\u00fa\u010das\u0165ou po\u017eiarnej ochrany v dom\u00e1cnosti, dielni aj priemyseln\u00fdch prev\u00e1dzkach. V\u010faka svojim jedine\u010dn\u00fdm vlastnostiam r\u00fdchlo a \u00fa\u010dinne has\u00ed vznikaj\u00face po\u017eiare v r\u00f4znych prostrediach \u2013 v priemyseln\u00fdch objektoch, laborat\u00f3ri\u00e1ch, \u0161kol\u00e1ch, hoteloch, nemocniciach, skladoch, re\u0161taur\u00e1ci\u00e1ch, \u010derpac\u00edch staniciach, ako aj v automobiloch a in\u00fdch dopravn\u00fdch prostriedkoch. Skvele sa osved\u010dila aj pri hasen\u00ed mal\u00fdch po\u017eiarov v [&hellip;]<\/p>\n","protected":false},"featured_media":4831,"comment_status":"open","ping_status":"closed","template":"","meta":{"_acf_changed":false,"_uf_show_specific_survey":0,"_uf_disable_surveys":false},"product_brand":[],"product_cat":[101,46],"product_tag":[198,197,337],"class_list":{"0":"post-4692","1":"product","2":"type-product","3":"status-publish","4":"has-post-thumbnail","6":"product_cat-hasiace-deky","7":"product_cat-ostatne-hasiace-prostriedky","8":"product_tag-fire-blanket","9":"product_tag-hasiaca-deka","10":"product_tag-hastex","12":"first","13":"instock","14":"taxable","15":"shipping-taxable","16":"purchasable","17":"product-type-simple"},"acf":[],"wcpa_form_fields":null,"yoast_head":"<!-- This site is optimized with the Yoast SEO plugin v27.1.1 - https:\/\/yoast.com\/product\/yoast-seo-wordpress\/ -->\n<title>Hasiaca deka Hastex 1,2 x 1,8 m - 3MON Eshop<\/title>\n<meta name=\"description\" content=\"Hasiaca deka Hastex 1,2 \u00d7 1,8 m spo\u013eahlivo uhas\u00ed men\u0161ie po\u017eiare oleja, kuchynsk\u00fdch spotrebi\u010dov \u010di odevov. Vhodn\u00e1 do dom\u00e1cnosti aj priemyseln\u00fdch prev\u00e1dzok.\" \/>\n<meta name=\"robots\" content=\"index, follow, max-snippet:-1, max-image-preview:large, max-video-preview:-1\" \/>\n<link rel=\"canonical\" href=\"https:\/\/3mon.sk\/eshop\/produkt\/hasiaca-deka-hastex\/\" \/>\n<meta property=\"og:locale\" content=\"sk_SK\" \/>\n<meta property=\"og:type\" content=\"article\" \/>\n<meta property=\"og:title\" content=\"Hasiaca deka Hastex 1,2 x 1,8 m - 3MON Eshop\" \/>\n<meta property=\"og:description\" content=\"Hasiaca deka Hastex 1,2 \u00d7 1,8 m spo\u013eahlivo uhas\u00ed men\u0161ie po\u017eiare oleja, kuchynsk\u00fdch spotrebi\u010dov \u010di odevov. Vhodn\u00e1 do dom\u00e1cnosti aj priemyseln\u00fdch prev\u00e1dzok.\" \/>\n<meta property=\"og:url\" content=\"https:\/\/3mon.sk\/eshop\/produkt\/hasiaca-deka-hastex\/\" \/>\n<meta property=\"og:site_name\" content=\"3MON Eshop\" \/>\n<meta property=\"article:publisher\" content=\"https:\/\/www.facebook.com\/3MONsro\" \/>\n<meta property=\"article:modified_time\" content=\"2026-05-01T04:56:21+00:00\" \/>\n<meta property=\"og:image\" content=\"https:\/\/3mon.sk\/eshop\/wp-content\/uploads\/2025\/10\/hasiaca-deka-Hastex_1.webp\" \/>\n\t<meta property=\"og:image:width\" content=\"704\" \/>\n\t<meta property=\"og:image:height\" content=\"704\" \/>\n\t<meta property=\"og:image:type\" content=\"image\/webp\" \/>\n<meta name=\"twitter:card\" content=\"summary_large_image\" \/>\n<meta name=\"twitter:label1\" content=\"Predpokladan\u00fd \u010das \u010d\u00edtania\" \/>\n\t<meta name=\"twitter:data1\" content=\"1 min\u00fata\" \/>\n<script type=\"application\/ld+json\" class=\"yoast-schema-graph\">{\"@context\":\"https:\/\/schema.org\",\"@graph\":[{\"@type\":\"WebPage\",\"@id\":\"https:\/\/3mon.sk\/eshop\/produkt\/hasiaca-deka-hastex\/\",\"url\":\"https:\/\/3mon.sk\/eshop\/produkt\/hasiaca-deka-hastex\/\",\"name\":\"Hasiaca deka Hastex 1,2 x 1,8 m - 3MON Eshop\",\"isPartOf\":{\"@id\":\"https:\/\/3mon.sk\/eshop\/#website\"},\"primaryImageOfPage\":{\"@id\":\"https:\/\/3mon.sk\/eshop\/produkt\/hasiaca-deka-hastex\/#primaryimage\"},\"image\":{\"@id\":\"https:\/\/3mon.sk\/eshop\/produkt\/hasiaca-deka-hastex\/#primaryimage\"},\"thumbnailUrl\":\"https:\/\/3mon.sk\/eshop\/wp-content\/uploads\/2025\/10\/hasiaca-deka-Hastex_1.webp\",\"datePublished\":\"2025-10-14T13:43:10+00:00\",\"dateModified\":\"2026-05-01T04:56:21+00:00\",\"description\":\"Hasiaca deka Hastex 1,2 \u00d7 1,8 m spo\u013eahlivo uhas\u00ed men\u0161ie po\u017eiare oleja, kuchynsk\u00fdch spotrebi\u010dov \u010di odevov. Vhodn\u00e1 do dom\u00e1cnosti aj priemyseln\u00fdch prev\u00e1dzok.\",\"breadcrumb\":{\"@id\":\"https:\/\/3mon.sk\/eshop\/produkt\/hasiaca-deka-hastex\/#breadcrumb\"},\"inLanguage\":\"sk-SK\",\"potentialAction\":[{\"@type\":\"ReadAction\",\"target\":[\"https:\/\/3mon.sk\/eshop\/produkt\/hasiaca-deka-hastex\/\"]}]},{\"@type\":\"ImageObject\",\"inLanguage\":\"sk-SK\",\"@id\":\"https:\/\/3mon.sk\/eshop\/produkt\/hasiaca-deka-hastex\/#primaryimage\",\"url\":\"https:\/\/3mon.sk\/eshop\/wp-content\/uploads\/2025\/10\/hasiaca-deka-Hastex_1.webp\",\"contentUrl\":\"https:\/\/3mon.sk\/eshop\/wp-content\/uploads\/2025\/10\/hasiaca-deka-Hastex_1.webp\",\"width\":704,\"height\":704,\"caption\":\"hasiaca deka Hastex\"},{\"@type\":\"BreadcrumbList\",\"@id\":\"https:\/\/3mon.sk\/eshop\/produkt\/hasiaca-deka-hastex\/#breadcrumb\",\"itemListElement\":[{\"@type\":\"ListItem\",\"position\":1,\"name\":\"Domovsk\u00e1 str\u00e1nka\",\"item\":\"https:\/\/3mon.sk\/eshop\/\"},{\"@type\":\"ListItem\",\"position\":2,\"name\":\"OBCHOD\",\"item\":\"https:\/\/3mon.sk\/eshop\/obchod\/\"},{\"@type\":\"ListItem\",\"position\":3,\"name\":\"Hasiaca deka Hastex 1,2 x 1,8 m\"}]},{\"@type\":\"WebSite\",\"@id\":\"https:\/\/3mon.sk\/eshop\/#website\",\"url\":\"https:\/\/3mon.sk\/eshop\/\",\"name\":\"3MON Eshop\",\"description\":\"\",\"publisher\":{\"@id\":\"https:\/\/3mon.sk\/eshop\/#organization\"},\"potentialAction\":[{\"@type\":\"SearchAction\",\"target\":{\"@type\":\"EntryPoint\",\"urlTemplate\":\"https:\/\/3mon.sk\/eshop\/?s={search_term_string}\"},\"query-input\":{\"@type\":\"PropertyValueSpecification\",\"valueRequired\":true,\"valueName\":\"search_term_string\"}}],\"inLanguage\":\"sk-SK\"},{\"@type\":\"Organization\",\"@id\":\"https:\/\/3mon.sk\/eshop\/#organization\",\"name\":\"3MON, s. r. o.\",\"url\":\"https:\/\/3mon.sk\/eshop\/\",\"logo\":{\"@type\":\"ImageObject\",\"inLanguage\":\"sk-SK\",\"@id\":\"https:\/\/3mon.sk\/eshop\/#\/schema\/logo\/image\/\",\"url\":\"https:\/\/3mon.sk\/eshop\/wp-content\/uploads\/2024\/06\/3mon_logo_new.png\",\"contentUrl\":\"https:\/\/3mon.sk\/eshop\/wp-content\/uploads\/2024\/06\/3mon_logo_new.png\",\"width\":656,\"height\":206,\"caption\":\"3MON, s. r. o.\"},\"image\":{\"@id\":\"https:\/\/3mon.sk\/eshop\/#\/schema\/logo\/image\/\"},\"sameAs\":[\"https:\/\/www.facebook.com\/3MONsro\",\"https:\/\/www.instagram.com\/3mon_rescue\/\"]}]}<\/script>\n<!-- \/ Yoast SEO plugin. -->","yoast_head_json":{"title":"Hasiaca deka Hastex 1,2 x 1,8 m - 3MON Eshop","description":"Hasiaca deka Hastex 1,2 \u00d7 1,8 m spo\u013eahlivo uhas\u00ed men\u0161ie po\u017eiare oleja, kuchynsk\u00fdch spotrebi\u010dov \u010di odevov. Vhodn\u00e1 do dom\u00e1cnosti aj priemyseln\u00fdch prev\u00e1dzok.","robots":{"index":"index","follow":"follow","max-snippet":"max-snippet:-1","max-image-preview":"max-image-preview:large","max-video-preview":"max-video-preview:-1"},"canonical":"https:\/\/3mon.sk\/eshop\/produkt\/hasiaca-deka-hastex\/","og_locale":"sk_SK","og_type":"article","og_title":"Hasiaca deka Hastex 1,2 x 1,8 m - 3MON Eshop","og_description":"Hasiaca deka Hastex 1,2 \u00d7 1,8 m spo\u013eahlivo uhas\u00ed men\u0161ie po\u017eiare oleja, kuchynsk\u00fdch spotrebi\u010dov \u010di odevov. Vhodn\u00e1 do dom\u00e1cnosti aj priemyseln\u00fdch prev\u00e1dzok.","og_url":"https:\/\/3mon.sk\/eshop\/produkt\/hasiaca-deka-hastex\/","og_site_name":"3MON Eshop","article_publisher":"https:\/\/www.facebook.com\/3MONsro","article_modified_time":"2026-05-01T04:56:21+00:00","og_image":[{"width":704,"height":704,"url":"https:\/\/3mon.sk\/eshop\/wp-content\/uploads\/2025\/10\/hasiaca-deka-Hastex_1.webp","type":"image\/webp"}],"twitter_card":"summary_large_image","twitter_misc":{"Predpokladan\u00fd \u010das \u010d\u00edtania":"1 min\u00fata"},"schema":{"@context":"https:\/\/schema.org","@graph":[{"@type":"WebPage","@id":"https:\/\/3mon.sk\/eshop\/produkt\/hasiaca-deka-hastex\/","url":"https:\/\/3mon.sk\/eshop\/produkt\/hasiaca-deka-hastex\/","name":"Hasiaca deka Hastex 1,2 x 1,8 m - 3MON Eshop","isPartOf":{"@id":"https:\/\/3mon.sk\/eshop\/#website"},"primaryImageOfPage":{"@id":"https:\/\/3mon.sk\/eshop\/produkt\/hasiaca-deka-hastex\/#primaryimage"},"image":{"@id":"https:\/\/3mon.sk\/eshop\/produkt\/hasiaca-deka-hastex\/#primaryimage"},"thumbnailUrl":"https:\/\/3mon.sk\/eshop\/wp-content\/uploads\/2025\/10\/hasiaca-deka-Hastex_1.webp","datePublished":"2025-10-14T13:43:10+00:00","dateModified":"2026-05-01T04:56:21+00:00","description":"Hasiaca deka Hastex 1,2 \u00d7 1,8 m spo\u013eahlivo uhas\u00ed men\u0161ie po\u017eiare oleja, kuchynsk\u00fdch spotrebi\u010dov \u010di odevov. Vhodn\u00e1 do dom\u00e1cnosti aj priemyseln\u00fdch prev\u00e1dzok.","breadcrumb":{"@id":"https:\/\/3mon.sk\/eshop\/produkt\/hasiaca-deka-hastex\/#breadcrumb"},"inLanguage":"sk-SK","potentialAction":[{"@type":"ReadAction","target":["https:\/\/3mon.sk\/eshop\/produkt\/hasiaca-deka-hastex\/"]}]},{"@type":"ImageObject","inLanguage":"sk-SK","@id":"https:\/\/3mon.sk\/eshop\/produkt\/hasiaca-deka-hastex\/#primaryimage","url":"https:\/\/3mon.sk\/eshop\/wp-content\/uploads\/2025\/10\/hasiaca-deka-Hastex_1.webp","contentUrl":"https:\/\/3mon.sk\/eshop\/wp-content\/uploads\/2025\/10\/hasiaca-deka-Hastex_1.webp","width":704,"height":704,"caption":"hasiaca deka Hastex"},{"@type":"BreadcrumbList","@id":"https:\/\/3mon.sk\/eshop\/produkt\/hasiaca-deka-hastex\/#breadcrumb","itemListElement":[{"@type":"ListItem","position":1,"name":"Domovsk\u00e1 str\u00e1nka","item":"https:\/\/3mon.sk\/eshop\/"},{"@type":"ListItem","position":2,"name":"OBCHOD","item":"https:\/\/3mon.sk\/eshop\/obchod\/"},{"@type":"ListItem","position":3,"name":"Hasiaca deka Hastex 1,2 x 1,8 m"}]},{"@type":"WebSite","@id":"https:\/\/3mon.sk\/eshop\/#website","url":"https:\/\/3mon.sk\/eshop\/","name":"3MON Eshop","description":"","publisher":{"@id":"https:\/\/3mon.sk\/eshop\/#organization"},"potentialAction":[{"@type":"SearchAction","target":{"@type":"EntryPoint","urlTemplate":"https:\/\/3mon.sk\/eshop\/?s={search_term_string}"},"query-input":{"@type":"PropertyValueSpecification","valueRequired":true,"valueName":"search_term_string"}}],"inLanguage":"sk-SK"},{"@type":"Organization","@id":"https:\/\/3mon.sk\/eshop\/#organization","name":"3MON, s. r. o.","url":"https:\/\/3mon.sk\/eshop\/","logo":{"@type":"ImageObject","inLanguage":"sk-SK","@id":"https:\/\/3mon.sk\/eshop\/#\/schema\/logo\/image\/","url":"https:\/\/3mon.sk\/eshop\/wp-content\/uploads\/2024\/06\/3mon_logo_new.png","contentUrl":"https:\/\/3mon.sk\/eshop\/wp-content\/uploads\/2024\/06\/3mon_logo_new.png","width":656,"height":206,"caption":"3MON, s. r. o."},"image":{"@id":"https:\/\/3mon.sk\/eshop\/#\/schema\/logo\/image\/"},"sameAs":["https:\/\/www.facebook.com\/3MONsro","https:\/\/www.instagram.com\/3mon_rescue\/"]}]}},"_links":{"self":[{"href":"https:\/\/3mon.sk\/eshop\/wp-json\/wp\/v2\/product\/4692","targetHints":{"allow":["GET"]}}],"collection":[{"href":"https:\/\/3mon.sk\/eshop\/wp-json\/wp\/v2\/product"}],"about":[{"href":"https:\/\/3mon.sk\/eshop\/wp-json\/wp\/v2\/types\/product"}],"replies":[{"embeddable":true,"href":"https:\/\/3mon.sk\/eshop\/wp-json\/wp\/v2\/comments?post=4692"}],"version-history":[{"count":1,"href":"https:\/\/3mon.sk\/eshop\/wp-json\/wp\/v2\/product\/4692\/revisions"}],"predecessor-version":[{"id":4697,"href":"https:\/\/3mon.sk\/eshop\/wp-json\/wp\/v2\/product\/4692\/revisions\/4697"}],"wp:featuredmedia":[{"embeddable":true,"href":"https:\/\/3mon.sk\/eshop\/wp-json\/wp\/v2\/media\/4831"}],"wp:attachment":[{"href":"https:\/\/3mon.sk\/eshop\/wp-json\/wp\/v2\/media?parent=4692"}],"wp:term":[{"taxonomy":"product_brand","embeddable":true,"href":"https:\/\/3mon.sk\/eshop\/wp-json\/wp\/v2\/product_brand?post=4692"},{"taxonomy":"product_cat","embeddable":true,"href":"https:\/\/3mon.sk\/eshop\/wp-json\/wp\/v2\/product_cat?post=4692"},{"taxonomy":"product_tag","embeddable":true,"href":"https:\/\/3mon.sk\/eshop\/wp-json\/wp\/v2\/product_tag?post=4692"}],"curies":[{"name":"wp","href":"https:\/\/api.w.org\/{rel}","templated":true}]}}