{"id":4301,"date":"2024-10-29T10:13:41","date_gmt":"2024-10-29T09:13:41","guid":{"rendered":"https:\/\/3mon.sk\/eshop\/?post_type=product&#038;p=4301"},"modified":"2026-01-22T11:22:18","modified_gmt":"2026-01-22T10:22:18","slug":"ochranna-skrinka-na-deku-fire-isolator","status":"publish","type":"product","link":"https:\/\/3mon.sk\/eshop\/produkt\/ochranna-skrinka-na-deku-fire-isolator\/","title":{"rendered":"Ochrann\u00e1 skrinka na deku Fire Isolator"},"content":{"rendered":"\t\t<div data-elementor-type=\"wp-post\" data-elementor-id=\"4301\" class=\"elementor elementor-4301\">\n\t\t\t\t\t\t<section class=\"elementor-section elementor-top-section elementor-element elementor-element-d38109f elementor-section-boxed elementor-section-height-default elementor-section-height-default\" data-id=\"d38109f\" data-element_type=\"section\" data-e-type=\"section\">\r\n\t\t\r\n\t\t\t\t\t\t\t<div class=\"elementor-container elementor-column-gap-default\">\r\n\t\t\t\t\t\t\t\t\t\t\t<div class=\"elementor-column elementor-col-100 elementor-top-column elementor-element elementor-element-b764224\" data-id=\"b764224\" data-element_type=\"column\" data-e-type=\"column\">\r\n\t\t\t\t\t<div class=\"elementor-widget-wrap elementor-element-populated\">\r\n\t\t\t\t\t\t\t\t<div class=\"elementor-element elementor-element-33dd235 elementor-widget elementor-widget-text-editor\" data-id=\"33dd235\" data-element_type=\"widget\" data-e-type=\"widget\" data-widget_type=\"text-editor.default\">\n\t\t\t\t<div class=\"elementor-widget-container\">\n\t\t\t\t\t\t\t\t\t<h2 data-start=\"211\" data-end=\"265\"><strong data-start=\"213\" data-end=\"265\">Fire Isolator \u2013 Oce\u013eov\u00e1 skrinka na hasiaciu deku<\/strong><\/h2><p><strong data-start=\"267\" data-end=\"298\">Fire Isolator Steel Cabinet<\/strong> je robustn\u00e1 oce\u013eov\u00e1 skrinka ur\u010den\u00e1 na bezpe\u010dn\u00e9 ulo\u017eenie <a href=\"https:\/\/3mon.sk\/eshop\/produkt\/fire-isolator-protipoziarna-deka\/\">hasiacej deky Fire Isolator<\/a> a \u010fal\u0161ieho pr\u00edslu\u0161enstva. Predstavuje ide\u00e1lne rie\u0161enie pre miesta, kde m\u00f4\u017ee vznikn\u00fa\u0165 riziko po\u017eiaru EV vozidiel alebo bat\u00e9riov\u00fdch \u00falo\u017e\u00edsk. Umo\u017e\u0148uje ma\u0165 deku v\u017edy poruke a chr\u00e1nen\u00fa pred po\u0161koden\u00edm \u010di zne\u010disten\u00edm.<\/p><p data-start=\"596\" data-end=\"909\">Skrinka je vyroben\u00e1 z pevn\u00e9ho oce\u013eov\u00e9ho plechu v n\u00e1padnej \u010dervenej farbe, aby bola \u013eahko vidite\u013en\u00e1 aj v n\u00fadzov\u00fdch situ\u00e1ci\u00e1ch. \u010cas\u0165 predn\u00fdch dvierok je vybaven\u00e1 <strong data-start=\"746\" data-end=\"780\">prehliadac\u00edm a rozbitn\u00fdm sklom<\/strong>, ktor\u00e9 umo\u017e\u0148uje r\u00fdchly pr\u00edstup pri po\u017eiari. Na skrinke sa nach\u00e1dzaj\u00fa aj preh\u013eadn\u00e9 in\u0161trukcie na spr\u00e1vne nasadenie hasiacej deky.<\/p><hr data-start=\"911\" data-end=\"914\" \/><h2 data-start=\"916\" data-end=\"942\"><strong data-start=\"919\" data-end=\"942\">Vlastnosti produktu<\/strong><\/h2><ul data-start=\"943\" data-end=\"1273\"><li data-start=\"943\" data-end=\"1025\"><p data-start=\"945\" data-end=\"1025\">Robustn\u00e1 oce\u013eov\u00e1 kon\u0161trukcia pre bezpe\u010dn\u00e9 ulo\u017eenie deky a pr\u00edslu\u0161enstva Fire Isolator<\/p><\/li><li data-start=\"1026\" data-end=\"1081\"><p data-start=\"1028\" data-end=\"1081\">V\u00fdrazn\u00e9 \u010derven\u00e9 prevedenie pre okam\u017eit\u00fa vidite\u013enos\u0165<\/p><\/li><li data-start=\"1082\" data-end=\"1140\"><p data-start=\"1084\" data-end=\"1140\">Predn\u00e9 rozbitn\u00e9 sklo na r\u00fdchly pr\u00edstup v pr\u00edpade n\u00fadze<\/p><\/li><li data-start=\"1141\" data-end=\"1183\"><p data-start=\"1143\" data-end=\"1183\">Jasn\u00e9 pokyny na pou\u017eitie hasiacej deky<\/p><\/li><li data-start=\"1184\" data-end=\"1273\"><p data-start=\"1186\" data-end=\"1273\">Vhodn\u00e1 do gar\u00e1\u017e\u00ed, servisov, nab\u00edjac\u00edch stan\u00edc, priemyseln\u00fdch h\u00e1l \u010di parkovac\u00edch domov<\/p><\/li><\/ul><hr data-start=\"1275\" data-end=\"1278\" \/><h2 data-start=\"1280\" data-end=\"1309\"><strong data-start=\"1283\" data-end=\"1309\">Technick\u00e9 \u0161pecifik\u00e1cie<\/strong><\/h2><ul data-start=\"1310\" data-end=\"1478\"><li data-start=\"1310\" data-end=\"1346\"><p data-start=\"1312\" data-end=\"1346\"><strong data-start=\"1312\" data-end=\"1333\">Katal\u00f3gov\u00e9 \u010d\u00edslo:<\/strong> FI-CABINET<\/p><\/li><li data-start=\"1347\" data-end=\"1383\"><p data-start=\"1349\" data-end=\"1383\"><strong data-start=\"1349\" data-end=\"1361\">Rozmery:<\/strong> 1210 \u00d7 520 \u00d7 350 mm<\/p><\/li><li data-start=\"1384\" data-end=\"1407\"><p data-start=\"1386\" data-end=\"1407\"><strong data-start=\"1386\" data-end=\"1399\">Hmotnos\u0165:<\/strong> 16 kg<\/p><\/li><li data-start=\"1408\" data-end=\"1446\"><p data-start=\"1410\" data-end=\"1446\"><strong data-start=\"1410\" data-end=\"1423\">Materi\u00e1l:<\/strong> 0,8 mm oce\u013eov\u00fd plech<\/p><\/li><li data-start=\"1447\" data-end=\"1478\"><p data-start=\"1449\" data-end=\"1478\"><strong data-start=\"1449\" data-end=\"1459\">Farba:<\/strong> \u010cerven\u00e1 (RAL 3000)<\/p><\/li><\/ul>\t\t\t\t\t\t\t\t<\/div>\n\t\t\t\t<\/div>\n\t\t\t\t\t<\/div>\r\n\t\t\t\t<\/div>\r\n\t\t\t\t\t<\/div>\r\n\t\t\t\t<\/section>\r\n\t\t\t\t<\/div>\n\t\t","protected":false},"excerpt":{"rendered":"<p>Fire Isolator \u2013 Oce\u013eov\u00e1 skrinka na hasiaciu deku Fire Isolator Steel Cabinet je robustn\u00e1 oce\u013eov\u00e1 skrinka ur\u010den\u00e1 na bezpe\u010dn\u00e9 ulo\u017eenie hasiacej deky Fire Isolator a \u010fal\u0161ieho pr\u00edslu\u0161enstva. Predstavuje ide\u00e1lne rie\u0161enie pre miesta, kde m\u00f4\u017ee vznikn\u00fa\u0165 riziko po\u017eiaru EV vozidiel alebo bat\u00e9riov\u00fdch \u00falo\u017e\u00edsk. Umo\u017e\u0148uje ma\u0165 deku v\u017edy poruke a chr\u00e1nen\u00fa pred po\u0161koden\u00edm \u010di zne\u010disten\u00edm. Skrinka je [&hellip;]<\/p>\n","protected":false},"featured_media":4830,"comment_status":"open","ping_status":"closed","template":"","meta":{"_acf_changed":false,"_uf_show_specific_survey":0,"_uf_disable_surveys":false},"product_brand":[],"product_cat":[101],"product_tag":[],"class_list":{"0":"post-4301","1":"product","2":"type-product","3":"status-publish","4":"has-post-thumbnail","6":"product_cat-hasiace-deky","8":"first","9":"instock","10":"taxable","11":"shipping-taxable","12":"purchasable","13":"product-type-simple"},"acf":[],"wcpa_form_fields":null,"yoast_head":"<!-- This site is optimized with the Yoast SEO plugin v27.1.1 - https:\/\/yoast.com\/product\/yoast-seo-wordpress\/ -->\n<title>Ochrann\u00e1 skrinka na deku Fire Isolator - 3MON Eshop<\/title>\n<meta name=\"description\" content=\"Ochrann\u00e1 skrinka na deku Fire Isolator \u2013 bezpe\u010dn\u00e9 a praktick\u00e9 ulo\u017eenie hasiacej deky. Odoln\u00e1, \u013eahko dostupn\u00e1 a vhodn\u00e1 pre priemysel i dom\u00e1cnosti.\" \/>\n<meta name=\"robots\" content=\"index, follow, max-snippet:-1, max-image-preview:large, max-video-preview:-1\" \/>\n<link rel=\"canonical\" href=\"https:\/\/3mon.sk\/eshop\/produkt\/ochranna-skrinka-na-deku-fire-isolator\/\" \/>\n<meta property=\"og:locale\" content=\"sk_SK\" \/>\n<meta property=\"og:type\" content=\"article\" \/>\n<meta property=\"og:title\" content=\"Ochrann\u00e1 skrinka na deku Fire Isolator - 3MON Eshop\" \/>\n<meta property=\"og:description\" content=\"Ochrann\u00e1 skrinka na deku Fire Isolator \u2013 bezpe\u010dn\u00e9 a praktick\u00e9 ulo\u017eenie hasiacej deky. Odoln\u00e1, \u013eahko dostupn\u00e1 a vhodn\u00e1 pre priemysel i dom\u00e1cnosti.\" \/>\n<meta property=\"og:url\" content=\"https:\/\/3mon.sk\/eshop\/produkt\/ochranna-skrinka-na-deku-fire-isolator\/\" \/>\n<meta property=\"og:site_name\" content=\"3MON Eshop\" \/>\n<meta property=\"article:publisher\" content=\"https:\/\/www.facebook.com\/3MONsro\" \/>\n<meta property=\"article:modified_time\" content=\"2026-01-22T10:22:18+00:00\" \/>\n<meta property=\"og:image\" content=\"https:\/\/3mon.sk\/eshop\/wp-content\/uploads\/2024\/10\/Skrinka_FIRE-ISOLATOR_1.webp\" \/>\n\t<meta property=\"og:image:width\" content=\"921\" \/>\n\t<meta property=\"og:image:height\" content=\"922\" \/>\n\t<meta property=\"og:image:type\" content=\"image\/webp\" \/>\n<meta name=\"twitter:card\" content=\"summary_large_image\" \/>\n<meta name=\"twitter:label1\" content=\"Predpokladan\u00fd \u010das \u010d\u00edtania\" \/>\n\t<meta name=\"twitter:data1\" content=\"2 min\u00faty\" \/>\n<script type=\"application\/ld+json\" class=\"yoast-schema-graph\">{\"@context\":\"https:\/\/schema.org\",\"@graph\":[{\"@type\":\"WebPage\",\"@id\":\"https:\/\/3mon.sk\/eshop\/produkt\/ochranna-skrinka-na-deku-fire-isolator\/\",\"url\":\"https:\/\/3mon.sk\/eshop\/produkt\/ochranna-skrinka-na-deku-fire-isolator\/\",\"name\":\"Ochrann\u00e1 skrinka na deku Fire Isolator - 3MON Eshop\",\"isPartOf\":{\"@id\":\"https:\/\/3mon.sk\/eshop\/#website\"},\"primaryImageOfPage\":{\"@id\":\"https:\/\/3mon.sk\/eshop\/produkt\/ochranna-skrinka-na-deku-fire-isolator\/#primaryimage\"},\"image\":{\"@id\":\"https:\/\/3mon.sk\/eshop\/produkt\/ochranna-skrinka-na-deku-fire-isolator\/#primaryimage\"},\"thumbnailUrl\":\"https:\/\/3mon.sk\/eshop\/wp-content\/uploads\/2024\/10\/Skrinka_FIRE-ISOLATOR_1.webp\",\"datePublished\":\"2024-10-29T09:13:41+00:00\",\"dateModified\":\"2026-01-22T10:22:18+00:00\",\"description\":\"Ochrann\u00e1 skrinka na deku Fire Isolator \u2013 bezpe\u010dn\u00e9 a praktick\u00e9 ulo\u017eenie hasiacej deky. Odoln\u00e1, \u013eahko dostupn\u00e1 a vhodn\u00e1 pre priemysel i dom\u00e1cnosti.\",\"breadcrumb\":{\"@id\":\"https:\/\/3mon.sk\/eshop\/produkt\/ochranna-skrinka-na-deku-fire-isolator\/#breadcrumb\"},\"inLanguage\":\"sk-SK\",\"potentialAction\":[{\"@type\":\"ReadAction\",\"target\":[\"https:\/\/3mon.sk\/eshop\/produkt\/ochranna-skrinka-na-deku-fire-isolator\/\"]}]},{\"@type\":\"ImageObject\",\"inLanguage\":\"sk-SK\",\"@id\":\"https:\/\/3mon.sk\/eshop\/produkt\/ochranna-skrinka-na-deku-fire-isolator\/#primaryimage\",\"url\":\"https:\/\/3mon.sk\/eshop\/wp-content\/uploads\/2024\/10\/Skrinka_FIRE-ISOLATOR_1.webp\",\"contentUrl\":\"https:\/\/3mon.sk\/eshop\/wp-content\/uploads\/2024\/10\/Skrinka_FIRE-ISOLATOR_1.webp\",\"width\":921,\"height\":922,\"caption\":\"Skrinka na hasiacu deku_FIRE ISOLATOR\"},{\"@type\":\"BreadcrumbList\",\"@id\":\"https:\/\/3mon.sk\/eshop\/produkt\/ochranna-skrinka-na-deku-fire-isolator\/#breadcrumb\",\"itemListElement\":[{\"@type\":\"ListItem\",\"position\":1,\"name\":\"Domovsk\u00e1 str\u00e1nka\",\"item\":\"https:\/\/3mon.sk\/eshop\/\"},{\"@type\":\"ListItem\",\"position\":2,\"name\":\"OBCHOD\",\"item\":\"https:\/\/3mon.sk\/eshop\/obchod\/\"},{\"@type\":\"ListItem\",\"position\":3,\"name\":\"Ochrann\u00e1 skrinka na deku Fire Isolator\"}]},{\"@type\":\"WebSite\",\"@id\":\"https:\/\/3mon.sk\/eshop\/#website\",\"url\":\"https:\/\/3mon.sk\/eshop\/\",\"name\":\"3MON Eshop\",\"description\":\"\",\"publisher\":{\"@id\":\"https:\/\/3mon.sk\/eshop\/#organization\"},\"potentialAction\":[{\"@type\":\"SearchAction\",\"target\":{\"@type\":\"EntryPoint\",\"urlTemplate\":\"https:\/\/3mon.sk\/eshop\/?s={search_term_string}\"},\"query-input\":{\"@type\":\"PropertyValueSpecification\",\"valueRequired\":true,\"valueName\":\"search_term_string\"}}],\"inLanguage\":\"sk-SK\"},{\"@type\":\"Organization\",\"@id\":\"https:\/\/3mon.sk\/eshop\/#organization\",\"name\":\"3MON, s. r. o.\",\"url\":\"https:\/\/3mon.sk\/eshop\/\",\"logo\":{\"@type\":\"ImageObject\",\"inLanguage\":\"sk-SK\",\"@id\":\"https:\/\/3mon.sk\/eshop\/#\/schema\/logo\/image\/\",\"url\":\"https:\/\/3mon.sk\/eshop\/wp-content\/uploads\/2024\/06\/3mon_logo_new.png\",\"contentUrl\":\"https:\/\/3mon.sk\/eshop\/wp-content\/uploads\/2024\/06\/3mon_logo_new.png\",\"width\":656,\"height\":206,\"caption\":\"3MON, s. r. o.\"},\"image\":{\"@id\":\"https:\/\/3mon.sk\/eshop\/#\/schema\/logo\/image\/\"},\"sameAs\":[\"https:\/\/www.facebook.com\/3MONsro\",\"https:\/\/www.instagram.com\/3mon_rescue\/\"]}]}<\/script>\n<!-- \/ Yoast SEO plugin. -->","yoast_head_json":{"title":"Ochrann\u00e1 skrinka na deku Fire Isolator - 3MON Eshop","description":"Ochrann\u00e1 skrinka na deku Fire Isolator \u2013 bezpe\u010dn\u00e9 a praktick\u00e9 ulo\u017eenie hasiacej deky. Odoln\u00e1, \u013eahko dostupn\u00e1 a vhodn\u00e1 pre priemysel i dom\u00e1cnosti.","robots":{"index":"index","follow":"follow","max-snippet":"max-snippet:-1","max-image-preview":"max-image-preview:large","max-video-preview":"max-video-preview:-1"},"canonical":"https:\/\/3mon.sk\/eshop\/produkt\/ochranna-skrinka-na-deku-fire-isolator\/","og_locale":"sk_SK","og_type":"article","og_title":"Ochrann\u00e1 skrinka na deku Fire Isolator - 3MON Eshop","og_description":"Ochrann\u00e1 skrinka na deku Fire Isolator \u2013 bezpe\u010dn\u00e9 a praktick\u00e9 ulo\u017eenie hasiacej deky. Odoln\u00e1, \u013eahko dostupn\u00e1 a vhodn\u00e1 pre priemysel i dom\u00e1cnosti.","og_url":"https:\/\/3mon.sk\/eshop\/produkt\/ochranna-skrinka-na-deku-fire-isolator\/","og_site_name":"3MON Eshop","article_publisher":"https:\/\/www.facebook.com\/3MONsro","article_modified_time":"2026-01-22T10:22:18+00:00","og_image":[{"width":921,"height":922,"url":"https:\/\/3mon.sk\/eshop\/wp-content\/uploads\/2024\/10\/Skrinka_FIRE-ISOLATOR_1.webp","type":"image\/webp"}],"twitter_card":"summary_large_image","twitter_misc":{"Predpokladan\u00fd \u010das \u010d\u00edtania":"2 min\u00faty"},"schema":{"@context":"https:\/\/schema.org","@graph":[{"@type":"WebPage","@id":"https:\/\/3mon.sk\/eshop\/produkt\/ochranna-skrinka-na-deku-fire-isolator\/","url":"https:\/\/3mon.sk\/eshop\/produkt\/ochranna-skrinka-na-deku-fire-isolator\/","name":"Ochrann\u00e1 skrinka na deku Fire Isolator - 3MON Eshop","isPartOf":{"@id":"https:\/\/3mon.sk\/eshop\/#website"},"primaryImageOfPage":{"@id":"https:\/\/3mon.sk\/eshop\/produkt\/ochranna-skrinka-na-deku-fire-isolator\/#primaryimage"},"image":{"@id":"https:\/\/3mon.sk\/eshop\/produkt\/ochranna-skrinka-na-deku-fire-isolator\/#primaryimage"},"thumbnailUrl":"https:\/\/3mon.sk\/eshop\/wp-content\/uploads\/2024\/10\/Skrinka_FIRE-ISOLATOR_1.webp","datePublished":"2024-10-29T09:13:41+00:00","dateModified":"2026-01-22T10:22:18+00:00","description":"Ochrann\u00e1 skrinka na deku Fire Isolator \u2013 bezpe\u010dn\u00e9 a praktick\u00e9 ulo\u017eenie hasiacej deky. Odoln\u00e1, \u013eahko dostupn\u00e1 a vhodn\u00e1 pre priemysel i dom\u00e1cnosti.","breadcrumb":{"@id":"https:\/\/3mon.sk\/eshop\/produkt\/ochranna-skrinka-na-deku-fire-isolator\/#breadcrumb"},"inLanguage":"sk-SK","potentialAction":[{"@type":"ReadAction","target":["https:\/\/3mon.sk\/eshop\/produkt\/ochranna-skrinka-na-deku-fire-isolator\/"]}]},{"@type":"ImageObject","inLanguage":"sk-SK","@id":"https:\/\/3mon.sk\/eshop\/produkt\/ochranna-skrinka-na-deku-fire-isolator\/#primaryimage","url":"https:\/\/3mon.sk\/eshop\/wp-content\/uploads\/2024\/10\/Skrinka_FIRE-ISOLATOR_1.webp","contentUrl":"https:\/\/3mon.sk\/eshop\/wp-content\/uploads\/2024\/10\/Skrinka_FIRE-ISOLATOR_1.webp","width":921,"height":922,"caption":"Skrinka na hasiacu deku_FIRE ISOLATOR"},{"@type":"BreadcrumbList","@id":"https:\/\/3mon.sk\/eshop\/produkt\/ochranna-skrinka-na-deku-fire-isolator\/#breadcrumb","itemListElement":[{"@type":"ListItem","position":1,"name":"Domovsk\u00e1 str\u00e1nka","item":"https:\/\/3mon.sk\/eshop\/"},{"@type":"ListItem","position":2,"name":"OBCHOD","item":"https:\/\/3mon.sk\/eshop\/obchod\/"},{"@type":"ListItem","position":3,"name":"Ochrann\u00e1 skrinka na deku Fire Isolator"}]},{"@type":"WebSite","@id":"https:\/\/3mon.sk\/eshop\/#website","url":"https:\/\/3mon.sk\/eshop\/","name":"3MON Eshop","description":"","publisher":{"@id":"https:\/\/3mon.sk\/eshop\/#organization"},"potentialAction":[{"@type":"SearchAction","target":{"@type":"EntryPoint","urlTemplate":"https:\/\/3mon.sk\/eshop\/?s={search_term_string}"},"query-input":{"@type":"PropertyValueSpecification","valueRequired":true,"valueName":"search_term_string"}}],"inLanguage":"sk-SK"},{"@type":"Organization","@id":"https:\/\/3mon.sk\/eshop\/#organization","name":"3MON, s. r. o.","url":"https:\/\/3mon.sk\/eshop\/","logo":{"@type":"ImageObject","inLanguage":"sk-SK","@id":"https:\/\/3mon.sk\/eshop\/#\/schema\/logo\/image\/","url":"https:\/\/3mon.sk\/eshop\/wp-content\/uploads\/2024\/06\/3mon_logo_new.png","contentUrl":"https:\/\/3mon.sk\/eshop\/wp-content\/uploads\/2024\/06\/3mon_logo_new.png","width":656,"height":206,"caption":"3MON, s. r. o."},"image":{"@id":"https:\/\/3mon.sk\/eshop\/#\/schema\/logo\/image\/"},"sameAs":["https:\/\/www.facebook.com\/3MONsro","https:\/\/www.instagram.com\/3mon_rescue\/"]}]}},"_links":{"self":[{"href":"https:\/\/3mon.sk\/eshop\/wp-json\/wp\/v2\/product\/4301","targetHints":{"allow":["GET"]}}],"collection":[{"href":"https:\/\/3mon.sk\/eshop\/wp-json\/wp\/v2\/product"}],"about":[{"href":"https:\/\/3mon.sk\/eshop\/wp-json\/wp\/v2\/types\/product"}],"replies":[{"embeddable":true,"href":"https:\/\/3mon.sk\/eshop\/wp-json\/wp\/v2\/comments?post=4301"}],"version-history":[{"count":10,"href":"https:\/\/3mon.sk\/eshop\/wp-json\/wp\/v2\/product\/4301\/revisions"}],"predecessor-version":[{"id":4807,"href":"https:\/\/3mon.sk\/eshop\/wp-json\/wp\/v2\/product\/4301\/revisions\/4807"}],"wp:featuredmedia":[{"embeddable":true,"href":"https:\/\/3mon.sk\/eshop\/wp-json\/wp\/v2\/media\/4830"}],"wp:attachment":[{"href":"https:\/\/3mon.sk\/eshop\/wp-json\/wp\/v2\/media?parent=4301"}],"wp:term":[{"taxonomy":"product_brand","embeddable":true,"href":"https:\/\/3mon.sk\/eshop\/wp-json\/wp\/v2\/product_brand?post=4301"},{"taxonomy":"product_cat","embeddable":true,"href":"https:\/\/3mon.sk\/eshop\/wp-json\/wp\/v2\/product_cat?post=4301"},{"taxonomy":"product_tag","embeddable":true,"href":"https:\/\/3mon.sk\/eshop\/wp-json\/wp\/v2\/product_tag?post=4301"}],"curies":[{"name":"wp","href":"https:\/\/api.w.org\/{rel}","templated":true}]}}