{"id":264,"date":"2021-09-05T22:24:28","date_gmt":"2021-09-05T20:24:28","guid":{"rendered":"https:\/\/3mon.sk\/eshop\/?post_type=product&#038;p=264"},"modified":"2026-04-30T06:43:59","modified_gmt":"2026-04-30T04:43:59","slug":"penovy-hasiaci-pristroj-beta-f6-f-6l","status":"publish","type":"product","link":"https:\/\/3mon.sk\/eshop\/produkt\/penovy-hasiaci-pristroj-beta-f6-f-6l\/","title":{"rendered":"Penov\u00fd hasiaci pr\u00edstroj BETA F6-F 6l"},"content":{"rendered":"\t\t<div data-elementor-type=\"wp-post\" data-elementor-id=\"264\" class=\"elementor elementor-264\">\n\t\t\t\t\t\t<section class=\"elementor-section elementor-top-section elementor-element elementor-element-4eb5017 elementor-section-boxed elementor-section-height-default elementor-section-height-default\" data-id=\"4eb5017\" data-element_type=\"section\" data-e-type=\"section\">\r\n\t\t\r\n\t\t\t\t\t\t\t<div class=\"elementor-container elementor-column-gap-default\">\r\n\t\t\t\t\t\t\t\t\t\t\t<div class=\"elementor-column elementor-col-100 elementor-top-column elementor-element elementor-element-3c65d77\" data-id=\"3c65d77\" data-element_type=\"column\" data-e-type=\"column\">\r\n\t\t\t\t\t<div class=\"elementor-widget-wrap elementor-element-populated\">\r\n\t\t\t\t\t\t\t\t<div class=\"elementor-element elementor-element-7e66b41 elementor-widget elementor-widget-text-editor\" data-id=\"7e66b41\" data-element_type=\"widget\" data-e-type=\"widget\" data-widget_type=\"text-editor.default\">\n\t\t\t\t<div class=\"elementor-widget-container\">\n\t\t\t\t\t\t\t\t\t<h4><span class=\"VIiyi\" lang=\"sk\"><span class=\"JLqJ4b\" data-language-for-alternatives=\"sk\" data-language-to-translate-into=\"cs\" data-phrase-index=\"0\">K \u010domu je hasiaci pr\u00edstroj vhodn\u00fd?<\/span><\/span><\/h4><p><span class=\"VIiyi\" lang=\"sk\"><span class=\"JLqJ4b\" data-language-for-alternatives=\"sk\" data-language-to-translate-into=\"cs\" data-phrase-index=\"0\"> Hod\u00ed sa ako s\u00fa\u010das\u0165 vybavenia napr. Do re\u0161taur\u00e1ci\u00ed alebo hotelov, kde sa vyskytuj\u00fa jedl\u00e9 rastlinn\u00e9 alebo \u017eivo\u010d\u00ed\u0161ne oleje, \u010di tuky a hroz\u00ed s nimi spojen\u00e9 riziko po\u017eiaru. V\u010faka jeho rozmerom a schopnosti hasi\u0165 kuchynsk\u00e9 oleje a tuky ho \u013eahko ulo\u017e\u00edte a vyu\u017eijete aj vo svojej kuchyni. <\/span><\/span><\/p><p><span class=\"VIiyi\" lang=\"sk\"><span class=\"JLqJ4b\" data-language-for-alternatives=\"sk\" data-language-to-translate-into=\"cs\" data-phrase-index=\"0\">Pri hasen\u00ed doch\u00e1dza ku kontaktu hasiace prostriedky (voda + pridan\u00e1 spe\u0148ovacia l\u00e1tka) s olejom k chemickej reakcii, po ktorej sa na horiaci tukovej vrstve do\u010dasne vytvor\u00ed kompaktn\u00fd ochrann\u00fd film. Ten br\u00e1ni pr\u00edstupu kysl\u00edka zo vzduchu, a t\u00fdm r\u00fdchlo a \u00fa\u010dinne has\u00ed ohe\u0148. <\/span><\/span><\/p><h4><span class=\"VIiyi\" lang=\"sk\"><span class=\"JLqJ4b\" data-language-for-alternatives=\"sk\" data-language-to-translate-into=\"cs\" data-phrase-index=\"0\">\u010co s n\u00edm m\u00f4\u017eeme hasi\u0165? <\/span><\/span><\/h4><p><span class=\"VIiyi\" lang=\"sk\"><span class=\"JLqJ4b\" data-language-for-alternatives=\"sk\" data-language-to-translate-into=\"cs\" data-phrase-index=\"0\">Prim\u00e1rne je ur\u010den\u00fd na hasenie po\u017eiaru v po\u010diato\u010dnej f\u00e1ze, tried A, B a F. Mo\u017eno ho tie\u017e pou\u017ei\u0165 na hasenie zariaden\u00ed pod elektrick\u00fdm pr\u00fadom (do 1000 V z min. Vzdialenosti 1 m). N\u00e1sledne je mo\u017en\u00e9 ho op\u00e4\u0165 naplni\u0165 pre \u010fal\u0161ie pou\u017eitie. <\/span><\/span><\/p><h4><span class=\"VIiyi\" lang=\"sk\"><span class=\"JLqJ4b\" data-language-for-alternatives=\"sk\" data-language-to-translate-into=\"cs\" data-phrase-index=\"0\">Balenie obsahuje<\/span><\/span><\/h4><p><span class=\"VIiyi\" lang=\"sk\"><span class=\"JLqJ4b\" data-language-for-alternatives=\"sk\" data-language-to-translate-into=\"cs\" data-phrase-index=\"0\">Hasiaci pr\u00edstroj s manometrom in\u0161talovan\u00fdm na ventile, dr\u017eiakom pre jednoduch\u00e9 uchytenie a typov\u00fd \u0161t\u00edtok (s n\u00e1vodom na pou\u017eitie).<\/span><\/span><\/p><h4><span class=\"VIiyi\" lang=\"sk\"><span class=\"JLqJ4b\" data-language-for-alternatives=\"sk\" data-language-to-translate-into=\"cs\" data-phrase-index=\"0\"> Upozornenie<\/span><\/span><\/h4><p><span class=\"VIiyi\" lang=\"sk\"><span class=\"JLqJ4b\" data-language-for-alternatives=\"sk\" data-language-to-translate-into=\"cs\" data-phrase-index=\"0\"> Pr\u00edstroj je vyroben\u00fd v s\u00falade s eur\u00f3pskymi normami a certifikovan\u00fd pod\u013ea normy EN3. Pr\u00edstroj je pod st\u00e1lym tlakom, ktor\u00fd je mo\u017en\u00e9 sledova\u0165 z nain\u0161talovan\u00e9ho manometra.<\/span><\/span><\/p>\t\t\t\t\t\t\t\t<\/div>\n\t\t\t\t<\/div>\n\t\t\t\t\t<\/div>\r\n\t\t\t\t<\/div>\r\n\t\t\t\t\t<\/div>\r\n\t\t\t\t<\/section>\r\n\t\t\t\t<\/div>\n\t\t","protected":false},"excerpt":{"rendered":"<p>K \u010domu je hasiaci pr\u00edstroj vhodn\u00fd? Hod\u00ed sa ako s\u00fa\u010das\u0165 vybavenia napr. Do re\u0161taur\u00e1ci\u00ed alebo hotelov, kde sa vyskytuj\u00fa jedl\u00e9 rastlinn\u00e9 alebo \u017eivo\u010d\u00ed\u0161ne oleje, \u010di tuky a hroz\u00ed s nimi spojen\u00e9 riziko po\u017eiaru. V\u010faka jeho rozmerom a schopnosti hasi\u0165 kuchynsk\u00e9 oleje a tuky ho \u013eahko ulo\u017e\u00edte a vyu\u017eijete aj vo svojej kuchyni. Pri hasen\u00ed doch\u00e1dza [&hellip;]<\/p>\n","protected":false},"featured_media":1391,"comment_status":"open","ping_status":"closed","template":"","meta":{"_acf_changed":false,"_uf_show_specific_survey":0,"_uf_disable_surveys":false},"product_brand":[],"product_cat":[18,19,22],"product_tag":[172,43,142],"class_list":{"0":"post-264","1":"product","2":"type-product","3":"status-publish","4":"has-post-thumbnail","6":"product_cat-hasiace-pristroje","7":"product_cat-prenosne-hasiace-pristroje","8":"product_cat-penove-hasiace-pristroje","9":"product_tag-beta-corporation","10":"product_tag-hasiaci-pristroj","11":"product_tag-penovy","12":"wcpa_has_options","14":"first","15":"instock","16":"sale","17":"taxable","18":"shipping-taxable","19":"purchasable","20":"product-type-simple"},"acf":[],"wcpa_form_fields":{"rules":{"pric_overide_base_price":false,"pric_overide_base_price_if_gt_zero":false,"pric_overide_base_price_fully":false,"pric_cal_option_once":false,"pric_use_as_fee":false,"bind_quantity":false,"quantity_bind_formula":false},"fields":[{"type":"text","elementId":"wcpa-text-1701694932704","label":"POZOR!","value":"Hasiace pr\u00edstroje pred\u00e1vame iba na osobn\u00fd odber, tlakov\u00e9 n\u00e1doby nie je mo\u017en\u00e9 zasiela\u0165 kuri\u00e9rom.","pricingType":"fixed","name":"text-1701694932704","subtype":"text","cl_rule":"show","col":6,"relations":false,"form_id":3854,"form_rules":{"pric_cal_option_once":false,"exclude_from_discount":false,"pric_use_as_fee":false,"fee_label":"Poplatok","render_after_acb":false,"disp_hide_options_price":false}},{"type":"checkbox-group","elementId":"wcpa-checkbox-group-1674660255438","label":"Dar\u010dek k n\u00e1kupu","priceOptions":"fixed_for_all","pricingType":"multiply","price":"3","name":"checkbox-group-1674660255438","other_text":"Other","cl_rule":"show","col":6,"values":[{"label":"Dr\u017eiak k pr\u00edstroju","value":"option-1","price":"","pimage":"","pimage_id":"","pthumb":"","selected":true},{"label":"Skompletizovanie PHP","value":"","price":"","pimage":"","pimage_id":"","pthumb":"","selected":true}],"relations":false,"form_id":994,"form_rules":{"pric_cal_option_once":false,"exclude_from_discount":false,"pric_use_as_fee":false,"fee_label":"Poplatok","render_after_acb":false,"disp_hide_options_price":false}},{"type":"checkbox-group","elementId":"wcpa-checkbox-group-1674658740881","label":"Doplnkov\u00e1 slu\u017eba","description":"Povinn\u00e9, ak budete hasiace pr\u00edstroje pou\u017e\u00edva\u0165 v podnikate\u013esk\u00fdch priestoroch.","desc_type":true,"enablePrice":true,"priceOptions":"fixed_for_all","pricingType":"multiply","price":"3,5","name":"checkbox-group-1674658740881","other_text":"Ostatn\u00e9","cl_rule":"show","col":6,"values":[{"label":"K\u00fapi\u0165 s rev\u00edziou (3,5\u20ac)","value":"option-1","price":"2,5","pimage":"","pimage_id":"","pthumb":""}],"relations":false,"form_id":994,"form_rules":{"pric_cal_option_once":false,"exclude_from_discount":false,"pric_use_as_fee":false,"fee_label":"Poplatok","render_after_acb":false,"disp_hide_options_price":false}},{"type":"checkbox-group","elementId":"wcpa-checkbox-group-1691055912438","label":"Mo\u017enos\u0165 doobjedna\u0165","description":"Piktogram Hasiaci pr\u00edstroj na ozna\u010denie miesta, kde bude HP umiestnen\u00fd.","desc_type":true,"enablePrice":true,"priceOptions":"fixed_for_all","pricingType":"multiply","price":"1,5","name":"checkbox-group-1691055912437","other_text":"Ostatn\u00e9","cl_rule":"show","col":6,"values":[{"label":"K\u00fapi\u0165 s piktogramom (1,5 \u20ac)","value":"option-1","price":"2,5","pimage":"","pimage_id":"","pthumb":""}],"relations":false,"form_id":994,"form_rules":{"pric_cal_option_once":false,"exclude_from_discount":false,"pric_use_as_fee":false,"fee_label":"Poplatok","render_after_acb":false,"disp_hide_options_price":false}}]},"yoast_head":"<!-- This site is optimized with the Yoast SEO plugin v27.1.1 - https:\/\/yoast.com\/product\/yoast-seo-wordpress\/ -->\n<title>Penov\u00fd hasiaci pr\u00edstroj BETA F6-F 6l - 3MON Eshop<\/title>\n<meta name=\"robots\" content=\"index, follow, max-snippet:-1, max-image-preview:large, max-video-preview:-1\" \/>\n<link rel=\"canonical\" href=\"https:\/\/3mon.sk\/eshop\/produkt\/penovy-hasiaci-pristroj-beta-f6-f-6l\/\" \/>\n<meta property=\"og:locale\" content=\"sk_SK\" \/>\n<meta property=\"og:type\" content=\"article\" \/>\n<meta property=\"og:title\" content=\"Penov\u00fd hasiaci pr\u00edstroj BETA F6-F 6l - 3MON Eshop\" \/>\n<meta property=\"og:description\" content=\"K \u010domu je hasiaci pr\u00edstroj vhodn\u00fd? Hod\u00ed sa ako s\u00fa\u010das\u0165 vybavenia napr. Do re\u0161taur\u00e1ci\u00ed alebo hotelov, kde sa vyskytuj\u00fa jedl\u00e9 rastlinn\u00e9 alebo \u017eivo\u010d\u00ed\u0161ne oleje, \u010di tuky a hroz\u00ed s nimi spojen\u00e9 riziko po\u017eiaru. V\u010faka jeho rozmerom a schopnosti hasi\u0165 kuchynsk\u00e9 oleje a tuky ho \u013eahko ulo\u017e\u00edte a vyu\u017eijete aj vo svojej kuchyni. Pri hasen\u00ed doch\u00e1dza [&hellip;]\" \/>\n<meta property=\"og:url\" content=\"https:\/\/3mon.sk\/eshop\/produkt\/penovy-hasiaci-pristroj-beta-f6-f-6l\/\" \/>\n<meta property=\"og:site_name\" content=\"3MON Eshop\" \/>\n<meta property=\"article:publisher\" content=\"https:\/\/www.facebook.com\/3MONsro\" \/>\n<meta property=\"article:modified_time\" content=\"2026-04-30T04:43:59+00:00\" \/>\n<meta property=\"og:image\" content=\"https:\/\/3mon.sk\/eshop\/wp-content\/uploads\/2021\/09\/Novy-projekt-9.jpg\" \/>\n\t<meta property=\"og:image:width\" content=\"1000\" \/>\n\t<meta property=\"og:image:height\" content=\"1000\" \/>\n\t<meta property=\"og:image:type\" content=\"image\/jpeg\" \/>\n<meta name=\"twitter:card\" content=\"summary_large_image\" \/>\n<meta name=\"twitter:label1\" content=\"Predpokladan\u00fd \u010das \u010d\u00edtania\" \/>\n\t<meta name=\"twitter:data1\" content=\"2 min\u00faty\" \/>\n<script type=\"application\/ld+json\" class=\"yoast-schema-graph\">{\"@context\":\"https:\/\/schema.org\",\"@graph\":[{\"@type\":\"WebPage\",\"@id\":\"https:\/\/3mon.sk\/eshop\/produkt\/penovy-hasiaci-pristroj-beta-f6-f-6l\/\",\"url\":\"https:\/\/3mon.sk\/eshop\/produkt\/penovy-hasiaci-pristroj-beta-f6-f-6l\/\",\"name\":\"Penov\u00fd hasiaci pr\u00edstroj BETA F6-F 6l - 3MON Eshop\",\"isPartOf\":{\"@id\":\"https:\/\/3mon.sk\/eshop\/#website\"},\"primaryImageOfPage\":{\"@id\":\"https:\/\/3mon.sk\/eshop\/produkt\/penovy-hasiaci-pristroj-beta-f6-f-6l\/#primaryimage\"},\"image\":{\"@id\":\"https:\/\/3mon.sk\/eshop\/produkt\/penovy-hasiaci-pristroj-beta-f6-f-6l\/#primaryimage\"},\"thumbnailUrl\":\"https:\/\/3mon.sk\/eshop\/wp-content\/uploads\/2021\/09\/Novy-projekt-9.jpg\",\"datePublished\":\"2021-09-05T20:24:28+00:00\",\"dateModified\":\"2026-04-30T04:43:59+00:00\",\"breadcrumb\":{\"@id\":\"https:\/\/3mon.sk\/eshop\/produkt\/penovy-hasiaci-pristroj-beta-f6-f-6l\/#breadcrumb\"},\"inLanguage\":\"sk-SK\",\"potentialAction\":[{\"@type\":\"ReadAction\",\"target\":[\"https:\/\/3mon.sk\/eshop\/produkt\/penovy-hasiaci-pristroj-beta-f6-f-6l\/\"]}]},{\"@type\":\"ImageObject\",\"inLanguage\":\"sk-SK\",\"@id\":\"https:\/\/3mon.sk\/eshop\/produkt\/penovy-hasiaci-pristroj-beta-f6-f-6l\/#primaryimage\",\"url\":\"https:\/\/3mon.sk\/eshop\/wp-content\/uploads\/2021\/09\/Novy-projekt-9.jpg\",\"contentUrl\":\"https:\/\/3mon.sk\/eshop\/wp-content\/uploads\/2021\/09\/Novy-projekt-9.jpg\",\"width\":1000,\"height\":1000,\"caption\":\"Penov\u00fd hasiaci pr\u00edstroj BETA F6-F 6l - hasenie.sk\"},{\"@type\":\"BreadcrumbList\",\"@id\":\"https:\/\/3mon.sk\/eshop\/produkt\/penovy-hasiaci-pristroj-beta-f6-f-6l\/#breadcrumb\",\"itemListElement\":[{\"@type\":\"ListItem\",\"position\":1,\"name\":\"Domovsk\u00e1 str\u00e1nka\",\"item\":\"https:\/\/3mon.sk\/eshop\/\"},{\"@type\":\"ListItem\",\"position\":2,\"name\":\"OBCHOD\",\"item\":\"https:\/\/3mon.sk\/eshop\/obchod\/\"},{\"@type\":\"ListItem\",\"position\":3,\"name\":\"Penov\u00fd hasiaci pr\u00edstroj BETA F6-F 6l\"}]},{\"@type\":\"WebSite\",\"@id\":\"https:\/\/3mon.sk\/eshop\/#website\",\"url\":\"https:\/\/3mon.sk\/eshop\/\",\"name\":\"3MON Eshop\",\"description\":\"\",\"publisher\":{\"@id\":\"https:\/\/3mon.sk\/eshop\/#organization\"},\"potentialAction\":[{\"@type\":\"SearchAction\",\"target\":{\"@type\":\"EntryPoint\",\"urlTemplate\":\"https:\/\/3mon.sk\/eshop\/?s={search_term_string}\"},\"query-input\":{\"@type\":\"PropertyValueSpecification\",\"valueRequired\":true,\"valueName\":\"search_term_string\"}}],\"inLanguage\":\"sk-SK\"},{\"@type\":\"Organization\",\"@id\":\"https:\/\/3mon.sk\/eshop\/#organization\",\"name\":\"3MON, s. r. o.\",\"url\":\"https:\/\/3mon.sk\/eshop\/\",\"logo\":{\"@type\":\"ImageObject\",\"inLanguage\":\"sk-SK\",\"@id\":\"https:\/\/3mon.sk\/eshop\/#\/schema\/logo\/image\/\",\"url\":\"https:\/\/3mon.sk\/eshop\/wp-content\/uploads\/2024\/06\/3mon_logo_new.png\",\"contentUrl\":\"https:\/\/3mon.sk\/eshop\/wp-content\/uploads\/2024\/06\/3mon_logo_new.png\",\"width\":656,\"height\":206,\"caption\":\"3MON, s. r. o.\"},\"image\":{\"@id\":\"https:\/\/3mon.sk\/eshop\/#\/schema\/logo\/image\/\"},\"sameAs\":[\"https:\/\/www.facebook.com\/3MONsro\",\"https:\/\/www.instagram.com\/3mon_rescue\/\"]}]}<\/script>\n<!-- \/ Yoast SEO plugin. -->","yoast_head_json":{"title":"Penov\u00fd hasiaci pr\u00edstroj BETA F6-F 6l - 3MON Eshop","robots":{"index":"index","follow":"follow","max-snippet":"max-snippet:-1","max-image-preview":"max-image-preview:large","max-video-preview":"max-video-preview:-1"},"canonical":"https:\/\/3mon.sk\/eshop\/produkt\/penovy-hasiaci-pristroj-beta-f6-f-6l\/","og_locale":"sk_SK","og_type":"article","og_title":"Penov\u00fd hasiaci pr\u00edstroj BETA F6-F 6l - 3MON Eshop","og_description":"K \u010domu je hasiaci pr\u00edstroj vhodn\u00fd? Hod\u00ed sa ako s\u00fa\u010das\u0165 vybavenia napr. Do re\u0161taur\u00e1ci\u00ed alebo hotelov, kde sa vyskytuj\u00fa jedl\u00e9 rastlinn\u00e9 alebo \u017eivo\u010d\u00ed\u0161ne oleje, \u010di tuky a hroz\u00ed s nimi spojen\u00e9 riziko po\u017eiaru. V\u010faka jeho rozmerom a schopnosti hasi\u0165 kuchynsk\u00e9 oleje a tuky ho \u013eahko ulo\u017e\u00edte a vyu\u017eijete aj vo svojej kuchyni. Pri hasen\u00ed doch\u00e1dza [&hellip;]","og_url":"https:\/\/3mon.sk\/eshop\/produkt\/penovy-hasiaci-pristroj-beta-f6-f-6l\/","og_site_name":"3MON Eshop","article_publisher":"https:\/\/www.facebook.com\/3MONsro","article_modified_time":"2026-04-30T04:43:59+00:00","og_image":[{"width":1000,"height":1000,"url":"https:\/\/3mon.sk\/eshop\/wp-content\/uploads\/2021\/09\/Novy-projekt-9.jpg","type":"image\/jpeg"}],"twitter_card":"summary_large_image","twitter_misc":{"Predpokladan\u00fd \u010das \u010d\u00edtania":"2 min\u00faty"},"schema":{"@context":"https:\/\/schema.org","@graph":[{"@type":"WebPage","@id":"https:\/\/3mon.sk\/eshop\/produkt\/penovy-hasiaci-pristroj-beta-f6-f-6l\/","url":"https:\/\/3mon.sk\/eshop\/produkt\/penovy-hasiaci-pristroj-beta-f6-f-6l\/","name":"Penov\u00fd hasiaci pr\u00edstroj BETA F6-F 6l - 3MON Eshop","isPartOf":{"@id":"https:\/\/3mon.sk\/eshop\/#website"},"primaryImageOfPage":{"@id":"https:\/\/3mon.sk\/eshop\/produkt\/penovy-hasiaci-pristroj-beta-f6-f-6l\/#primaryimage"},"image":{"@id":"https:\/\/3mon.sk\/eshop\/produkt\/penovy-hasiaci-pristroj-beta-f6-f-6l\/#primaryimage"},"thumbnailUrl":"https:\/\/3mon.sk\/eshop\/wp-content\/uploads\/2021\/09\/Novy-projekt-9.jpg","datePublished":"2021-09-05T20:24:28+00:00","dateModified":"2026-04-30T04:43:59+00:00","breadcrumb":{"@id":"https:\/\/3mon.sk\/eshop\/produkt\/penovy-hasiaci-pristroj-beta-f6-f-6l\/#breadcrumb"},"inLanguage":"sk-SK","potentialAction":[{"@type":"ReadAction","target":["https:\/\/3mon.sk\/eshop\/produkt\/penovy-hasiaci-pristroj-beta-f6-f-6l\/"]}]},{"@type":"ImageObject","inLanguage":"sk-SK","@id":"https:\/\/3mon.sk\/eshop\/produkt\/penovy-hasiaci-pristroj-beta-f6-f-6l\/#primaryimage","url":"https:\/\/3mon.sk\/eshop\/wp-content\/uploads\/2021\/09\/Novy-projekt-9.jpg","contentUrl":"https:\/\/3mon.sk\/eshop\/wp-content\/uploads\/2021\/09\/Novy-projekt-9.jpg","width":1000,"height":1000,"caption":"Penov\u00fd hasiaci pr\u00edstroj BETA F6-F 6l - hasenie.sk"},{"@type":"BreadcrumbList","@id":"https:\/\/3mon.sk\/eshop\/produkt\/penovy-hasiaci-pristroj-beta-f6-f-6l\/#breadcrumb","itemListElement":[{"@type":"ListItem","position":1,"name":"Domovsk\u00e1 str\u00e1nka","item":"https:\/\/3mon.sk\/eshop\/"},{"@type":"ListItem","position":2,"name":"OBCHOD","item":"https:\/\/3mon.sk\/eshop\/obchod\/"},{"@type":"ListItem","position":3,"name":"Penov\u00fd hasiaci pr\u00edstroj BETA F6-F 6l"}]},{"@type":"WebSite","@id":"https:\/\/3mon.sk\/eshop\/#website","url":"https:\/\/3mon.sk\/eshop\/","name":"3MON Eshop","description":"","publisher":{"@id":"https:\/\/3mon.sk\/eshop\/#organization"},"potentialAction":[{"@type":"SearchAction","target":{"@type":"EntryPoint","urlTemplate":"https:\/\/3mon.sk\/eshop\/?s={search_term_string}"},"query-input":{"@type":"PropertyValueSpecification","valueRequired":true,"valueName":"search_term_string"}}],"inLanguage":"sk-SK"},{"@type":"Organization","@id":"https:\/\/3mon.sk\/eshop\/#organization","name":"3MON, s. r. o.","url":"https:\/\/3mon.sk\/eshop\/","logo":{"@type":"ImageObject","inLanguage":"sk-SK","@id":"https:\/\/3mon.sk\/eshop\/#\/schema\/logo\/image\/","url":"https:\/\/3mon.sk\/eshop\/wp-content\/uploads\/2024\/06\/3mon_logo_new.png","contentUrl":"https:\/\/3mon.sk\/eshop\/wp-content\/uploads\/2024\/06\/3mon_logo_new.png","width":656,"height":206,"caption":"3MON, s. r. o."},"image":{"@id":"https:\/\/3mon.sk\/eshop\/#\/schema\/logo\/image\/"},"sameAs":["https:\/\/www.facebook.com\/3MONsro","https:\/\/www.instagram.com\/3mon_rescue\/"]}]}},"_links":{"self":[{"href":"https:\/\/3mon.sk\/eshop\/wp-json\/wp\/v2\/product\/264","targetHints":{"allow":["GET"]}}],"collection":[{"href":"https:\/\/3mon.sk\/eshop\/wp-json\/wp\/v2\/product"}],"about":[{"href":"https:\/\/3mon.sk\/eshop\/wp-json\/wp\/v2\/types\/product"}],"replies":[{"embeddable":true,"href":"https:\/\/3mon.sk\/eshop\/wp-json\/wp\/v2\/comments?post=264"}],"version-history":[{"count":1,"href":"https:\/\/3mon.sk\/eshop\/wp-json\/wp\/v2\/product\/264\/revisions"}],"predecessor-version":[{"id":265,"href":"https:\/\/3mon.sk\/eshop\/wp-json\/wp\/v2\/product\/264\/revisions\/265"}],"wp:featuredmedia":[{"embeddable":true,"href":"https:\/\/3mon.sk\/eshop\/wp-json\/wp\/v2\/media\/1391"}],"wp:attachment":[{"href":"https:\/\/3mon.sk\/eshop\/wp-json\/wp\/v2\/media?parent=264"}],"wp:term":[{"taxonomy":"product_brand","embeddable":true,"href":"https:\/\/3mon.sk\/eshop\/wp-json\/wp\/v2\/product_brand?post=264"},{"taxonomy":"product_cat","embeddable":true,"href":"https:\/\/3mon.sk\/eshop\/wp-json\/wp\/v2\/product_cat?post=264"},{"taxonomy":"product_tag","embeddable":true,"href":"https:\/\/3mon.sk\/eshop\/wp-json\/wp\/v2\/product_tag?post=264"}],"curies":[{"name":"wp","href":"https:\/\/api.w.org\/{rel}","templated":true}]}}