{"id":1504,"date":"2023-03-29T11:03:43","date_gmt":"2023-03-29T09:03:43","guid":{"rendered":"https:\/\/3mon.sk\/eshop\/?post_type=product&#038;p=1504"},"modified":"2026-01-07T14:21:35","modified_gmt":"2026-01-07T13:21:35","slug":"zachranne-nosidla-ares-air-rescue-systems","status":"publish","type":"product","link":"https:\/\/3mon.sk\/eshop\/produkt\/zachranne-nosidla-ares-air-rescue-systems\/","title":{"rendered":"Z\u00e1chrann\u00e9 nosidl\u00e1 ARES"},"content":{"rendered":"\t\t<div data-elementor-type=\"wp-post\" data-elementor-id=\"1504\" class=\"elementor elementor-1504\">\n\t\t\t\t\t\t<section class=\"elementor-section elementor-top-section elementor-element elementor-element-2bc6f404 elementor-section-boxed elementor-section-height-default elementor-section-height-default\" data-id=\"2bc6f404\" data-element_type=\"section\" data-e-type=\"section\">\r\n\t\t\r\n\t\t\t\t\t\t\t<div class=\"elementor-container elementor-column-gap-default\">\r\n\t\t\t\t\t\t\t\t\t\t\t<div class=\"elementor-column elementor-col-100 elementor-top-column elementor-element elementor-element-19b26e33\" data-id=\"19b26e33\" data-element_type=\"column\" data-e-type=\"column\">\r\n\t\t\t\t\t<div class=\"elementor-widget-wrap elementor-element-populated\">\r\n\t\t\t\t\t\t\t\t<div class=\"elementor-element elementor-element-50ca94ec elementor-widget elementor-widget-text-editor\" data-id=\"50ca94ec\" data-element_type=\"widget\" data-e-type=\"widget\" data-widget_type=\"text-editor.default\">\n\t\t\t\t<div class=\"elementor-widget-container\">\n\t\t\t\t\t\t\t\t\t<p>Najnov\u0161ia z\u00e1chrann\u00e1 technol\u00f3gia od spolo\u010dnosti <strong>Air Rescue Systems<\/strong>, nov\u00fd patentovan\u00fd syst\u00e9m <strong>Air Rescue Extraction System<\/strong> alebo <strong>ARES<\/strong>, bol vytvoren\u00fd z \u013eahk\u00e9ho, bezpe\u010dn\u00e9ho, intuit\u00edvneho a viac\u00fa\u010delov\u00e9ho zariadenia na extrakciu os\u00f4b. Modul\u00e1rna kon\u0161trukcia syst\u00e9mu pom\u00e1ha zv\u00fd\u0161i\u0165 r\u00fdchlos\u0165 a jednoduchos\u0165 balenia pacienta po\u010das z\u00e1chrann\u00fdch oper\u00e1ci\u00ed vrtu\u013en\u00edkom. Do syst\u00e9mu <strong>ARES<\/strong> je integrovan\u00e1 letov\u00e1 ty\u010d stabiliza\u010dn\u00e9ho zdv\u00edhacieho syst\u00e9mu navrhnut\u00e1 tak, aby zjednodu\u0161ila nastavenie polohy vaku do dvoch jednoduch\u00fdch mo\u017enost\u00ed upevnenia a zv\u00fd\u0161ila uhol podpory zdvihu s cie\u013eom zn\u00ed\u017ei\u0165 nap\u00e4tie na hlavu a nohy obete. Syst\u00e9m obsahuje z\u00e1kladn\u00fa chrbticov\u00fa dosku na zv\u00fd\u0161enie pohodlia pacienta po\u010das letov &#8222;len s vakom&#8220;. Volite\u013en\u00fd <b>integrovan\u00fd imobiliza\u010dn\u00fd syst\u00e9m<\/b> z uhl\u00edkov\u00fdch vl\u00e1kien poskytuje \u00fapln\u00fa <b>imobiliz\u00e1ciu chrbtice po\u010das balenia a prepravy.<\/b><\/p>\n<p><br><\/p><p>Tento syst\u00e9m zariadenia na prepravu os\u00f4b sa m\u00e1 pou\u017e\u00edva\u0165 pri nasleduj\u00facich oper\u00e1ci\u00e1ch vrtu\u013en\u00edka:<\/p>\n<p><strong>Kr\u00e1tkodob\u00e9 prepravy &#8211; Human External Cargo (HEC)<\/strong><br><strong>Oper\u00e1cie s kladkostrojom\/navij\u00e1kom<\/strong><\/p>\n<p>Nastavite\u013en\u00e1 univerz\u00e1lna ve\u013ekos\u0165: <strong>15 &#8211; 181 kg<\/strong> a do v\u00fd\u0161ky <strong>198 cm<\/strong><br>Kompletn\u00fd syst\u00e9m <strong>10 kg<\/strong>&nbsp; a d\u013a\u017eka <strong>81 cm<\/strong><\/p>\n<p><b><br><\/b><\/p><p><b>K\u013d\u00da\u010cOV\u00c9 VLASTNOSTI:<\/b><\/p>\n<ul>\n<li><span style=\"background-color: initial;letter-spacing: 0px\">Tvarovan\u00e1 a polstrovan\u00e1 hlavov\u00e1 schr\u00e1nka sa nezr\u00fati po\u010das letu ani pri um\u00fdvan\u00ed rotoru<\/span><\/li>\n<li><span style=\"background-color: initial;letter-spacing: 0px\">Integrovan\u00fd kr\u00fa\u017eok na r\u00fdchle uvo\u013enenie vle\u010den\u00e9ho pad\u00e1ka pre podstielku<\/span><\/li>\n<li><span style=\"background-color: initial;letter-spacing: 0px\"><i>Vysoko <\/i>reflexn\u00e1 p\u00e1ska triedy SOLAS<\/span><\/li>\n<li><span style=\"background-color: initial;letter-spacing: 0px\">Kon\u0161truk\u010dn\u00fd popruh <\/span><strong style=\"background-color: initial;letter-spacing: 0px\">Mil-Spec 1-3\/4&#8243;<\/strong><span style=\"background-color: initial;letter-spacing: 0px\"> a odoln\u00e1 nylonov\u00e1 plachta s povrchovou \u00fapravou<\/span><\/li>\n<li><span style=\"background-color: initial;letter-spacing: 0px\">Kon\u0161truk\u010dn\u00e9 vonkaj\u0161ie rukov\u00e4te na pren\u00e1\u0161anie<\/span><\/li>\n<li><span style=\"background-color: initial;letter-spacing: 0px\">Vak na nasadenie so skryt\u00fdmi ramenn\u00fdmi popruhmi a menovit\u00fdmi zdv\u00edhac\u00edmi rukov\u00e4\u0165ami<\/span><\/li>\n<li><span style=\"background-color: initial;letter-spacing: 0px\">N\u00edzkoprofilov\u00fd syst\u00e9m umo\u017e\u0148uje \u013eahk\u00fd vstup do kab\u00edny po\u010das zdv\u00edhania<\/span><\/li>\n<li><span style=\"background-color: initial;letter-spacing: 0px\">SLS z\u00e1vesn\u00e9 &#8222;\u017eabky&#8220; <\/span><strong style=\"background-color: initial;letter-spacing: 0px\">Kong Frogs<\/strong><span style=\"background-color: initial;letter-spacing: 0px\"> s bezpe\u010dnostn\u00fdm uzamykate\u013en\u00fdm dizajnom<\/span><\/li>\n<li><span style=\"background-color: initial;letter-spacing: 0px\">Modul\u00e1rna kon\u0161trukcia ur\u00fdch\u013euje balenie a zni\u017euje pravdepodobnos\u0165 zamotania<\/span><\/li>\n<li><span style=\"background-color: initial;letter-spacing: 0px\">\u00dapln\u00e9 kon\u0161truk\u010dn\u00e9 zachytenie hlavy a n\u00f4h eliminuje mo\u017enos\u0165 odhodenia pacienta<\/span><\/li>\n<li><span style=\"background-color: initial;letter-spacing: 0px\">Bo\u010dn\u00e9 zipsy umo\u017e\u0148uj\u00fa zdravotn\u00edkom pr\u00edstup k pacientovi bez jeho vybratia zo syst\u00e9mu<\/span><\/li>\n<\/ul>\n<ul>\n<\/ul>\t\t\t\t\t\t\t\t<\/div>\n\t\t\t\t<\/div>\n\t\t\t\t\t<\/div>\r\n\t\t\t\t<\/div>\r\n\t\t\t\t\t<\/div>\r\n\t\t\t\t<\/section>\r\n\t\t\t\t<section class=\"elementor-section elementor-top-section elementor-element elementor-element-4dffe7d elementor-section-boxed elementor-section-height-default elementor-section-height-default\" data-id=\"4dffe7d\" data-element_type=\"section\" data-e-type=\"section\">\r\n\t\t\r\n\t\t\t\t\t\t\t<div class=\"elementor-container elementor-column-gap-default\">\r\n\t\t\t\t\t\t\t\t\t\t\t<div class=\"elementor-column elementor-col-100 elementor-top-column elementor-element elementor-element-69b00f9\" data-id=\"69b00f9\" data-element_type=\"column\" data-e-type=\"column\">\r\n\t\t\t\t\t<div class=\"elementor-widget-wrap elementor-element-populated\">\r\n\t\t\t\t\t\t\t\t<div class=\"elementor-element elementor-element-f3307a0 elementor-widget elementor-widget-video\" data-id=\"f3307a0\" data-element_type=\"widget\" data-e-type=\"widget\" data-settings=\"{&quot;video_type&quot;:&quot;vimeo&quot;}\" data-widget_type=\"video.default\">\n\t\t\t\t<div class=\"elementor-widget-container\">\n\t\t\t\t\t\t\t<div class=\"elementor-wrapper elementor-open-inline\">\n\t\t\t<div class=\"BorlabsCookie\"><div class=\"_brlbs-content-blocker\"> <div class=\"_brlbs-embed _brlbs-video-vimeo\"> <img decoding=\"async\" class=\"_brlbs-thumbnail\" src=\"https:\/\/3mon.sk\/eshop\/wp-content\/plugins\/borlabs-cookie\/assets\/images\/cb-no-thumbnail.png\" alt=\"Vimeo\"> <div class=\"_brlbs-caption\"> <p>By loading the video, you agree to Vimeo's privacy policy.<br><a href=\"https:\/\/vimeo.com\/privacy\" target=\"_blank\" rel=\"nofollow noopener noreferrer\">Learn more<\/a><\/p> <p><a class=\"_brlbs-btn _brlbs-icon-play-white\" href=\"#\" data-borlabs-cookie-unblock role=\"button\">Load video<\/a><\/p> <p><label><input type=\"checkbox\" name=\"unblockAll\" value=\"1\" checked> <small>Always unblock Vimeo<\/small><\/label><\/p> <\/div> <\/div> <\/div><div class=\"borlabs-hide\" data-borlabs-cookie-type=\"content-blocker\" data-borlabs-cookie-id=\"vimeo\"><script type=\"text\/template\">PGlmcmFtZSBjbGFzcz0iZWxlbWVudG9yLXZpZGVvLWlmcmFtZSIgYWxsb3dmdWxsc2NyZWVuIGFsbG93PSJjbGlwYm9hcmQtd3JpdGUiIHRpdGxlPSJ2aW1lbyBWaWRlbyBwcmVocsOhdmHEjSIgc3JjPSJodHRwczovL3BsYXllci52aW1lby5jb20vdmlkZW8vOTE1NTg1MTg\/Y29sb3ImYW1wO2F1dG9wYXVzZT0wJmFtcDtsb29wPTAmYW1wO211dGVkPTAmYW1wO3RpdGxlPTEmYW1wO3BvcnRyYWl0PTEmYW1wO2J5bGluZT0xI3Q9Ij48L2lmcmFtZT4=<\/script><\/div><\/div>\t\t<\/div>\n\t\t\t\t\t\t<\/div>\n\t\t\t\t<\/div>\n\t\t\t\t\t<\/div>\r\n\t\t\t\t<\/div>\r\n\t\t\t\t\t<\/div>\r\n\t\t\t\t<\/section>\r\n\t\t\t\t<\/div>\n\t\t","protected":false},"excerpt":{"rendered":"<h5><strong>Cena <\/strong>na vy\u017eiadanie<\/h5>\n<h5><strong>Dodaci term\u00edn:<\/strong> 2-3 t\u00fd\u017edne<\/h5>\n","protected":false},"featured_media":1505,"comment_status":"open","ping_status":"closed","template":"","meta":{"_acf_changed":false,"_uf_show_specific_survey":0,"_uf_disable_surveys":false},"product_brand":[],"product_cat":[210],"product_tag":[204,206,205],"class_list":{"0":"post-1504","1":"product","2":"type-product","3":"status-publish","4":"has-post-thumbnail","6":"product_cat-hasicske-vybavenie","7":"product_tag-air-rescue-systems","8":"product_tag-ares","9":"product_tag-zachranne-nosidla","11":"first","12":"onbackorder","13":"taxable","14":"shipping-taxable","15":"product-type-simple"},"acf":[],"wcpa_form_fields":null,"yoast_head":"<!-- This site is optimized with the Yoast SEO plugin v27.1.1 - https:\/\/yoast.com\/product\/yoast-seo-wordpress\/ -->\n<title>Z\u00e1chrann\u00e9 nosidl\u00e1 ARES - 3MON Eshop<\/title>\n<meta name=\"robots\" content=\"index, follow, max-snippet:-1, max-image-preview:large, max-video-preview:-1\" \/>\n<link rel=\"canonical\" href=\"https:\/\/3mon.sk\/eshop\/produkt\/zachranne-nosidla-ares-air-rescue-systems\/\" \/>\n<meta property=\"og:locale\" content=\"sk_SK\" \/>\n<meta property=\"og:type\" content=\"article\" \/>\n<meta property=\"og:title\" content=\"Z\u00e1chrann\u00e9 nosidl\u00e1 ARES - 3MON Eshop\" \/>\n<meta property=\"og:description\" content=\"Cena na vy\u017eiadanie Dodaci term\u00edn: 2-3 t\u00fd\u017edne\" \/>\n<meta property=\"og:url\" content=\"https:\/\/3mon.sk\/eshop\/produkt\/zachranne-nosidla-ares-air-rescue-systems\/\" \/>\n<meta property=\"og:site_name\" content=\"3MON Eshop\" \/>\n<meta property=\"article:publisher\" content=\"https:\/\/www.facebook.com\/3MONsro\" \/>\n<meta property=\"article:modified_time\" content=\"2026-01-07T13:21:35+00:00\" \/>\n<meta property=\"og:image\" content=\"https:\/\/3mon.sk\/eshop\/wp-content\/uploads\/2023\/03\/Novy-projekt-14.jpg\" \/>\n\t<meta property=\"og:image:width\" content=\"1000\" \/>\n\t<meta property=\"og:image:height\" content=\"1000\" \/>\n\t<meta property=\"og:image:type\" content=\"image\/jpeg\" \/>\n<meta name=\"twitter:card\" content=\"summary_large_image\" \/>\n<meta name=\"twitter:label1\" content=\"Predpokladan\u00fd \u010das \u010d\u00edtania\" \/>\n\t<meta name=\"twitter:data1\" content=\"2 min\u00faty\" \/>\n<script type=\"application\/ld+json\" class=\"yoast-schema-graph\">{\"@context\":\"https:\/\/schema.org\",\"@graph\":[{\"@type\":\"WebPage\",\"@id\":\"https:\/\/3mon.sk\/eshop\/produkt\/zachranne-nosidla-ares-air-rescue-systems\/\",\"url\":\"https:\/\/3mon.sk\/eshop\/produkt\/zachranne-nosidla-ares-air-rescue-systems\/\",\"name\":\"Z\u00e1chrann\u00e9 nosidl\u00e1 ARES - 3MON Eshop\",\"isPartOf\":{\"@id\":\"https:\/\/3mon.sk\/eshop\/#website\"},\"primaryImageOfPage\":{\"@id\":\"https:\/\/3mon.sk\/eshop\/produkt\/zachranne-nosidla-ares-air-rescue-systems\/#primaryimage\"},\"image\":{\"@id\":\"https:\/\/3mon.sk\/eshop\/produkt\/zachranne-nosidla-ares-air-rescue-systems\/#primaryimage\"},\"thumbnailUrl\":\"https:\/\/3mon.sk\/eshop\/wp-content\/uploads\/2023\/03\/Novy-projekt-14.jpg\",\"datePublished\":\"2023-03-29T09:03:43+00:00\",\"dateModified\":\"2026-01-07T13:21:35+00:00\",\"breadcrumb\":{\"@id\":\"https:\/\/3mon.sk\/eshop\/produkt\/zachranne-nosidla-ares-air-rescue-systems\/#breadcrumb\"},\"inLanguage\":\"sk-SK\",\"potentialAction\":[{\"@type\":\"ReadAction\",\"target\":[\"https:\/\/3mon.sk\/eshop\/produkt\/zachranne-nosidla-ares-air-rescue-systems\/\"]}]},{\"@type\":\"ImageObject\",\"inLanguage\":\"sk-SK\",\"@id\":\"https:\/\/3mon.sk\/eshop\/produkt\/zachranne-nosidla-ares-air-rescue-systems\/#primaryimage\",\"url\":\"https:\/\/3mon.sk\/eshop\/wp-content\/uploads\/2023\/03\/Novy-projekt-14.jpg\",\"contentUrl\":\"https:\/\/3mon.sk\/eshop\/wp-content\/uploads\/2023\/03\/Novy-projekt-14.jpg\",\"width\":1000,\"height\":1000,\"caption\":\"Z\u00e1chrann\u00e9 nosidl\u00e1 ARES - hasenie.sk\"},{\"@type\":\"BreadcrumbList\",\"@id\":\"https:\/\/3mon.sk\/eshop\/produkt\/zachranne-nosidla-ares-air-rescue-systems\/#breadcrumb\",\"itemListElement\":[{\"@type\":\"ListItem\",\"position\":1,\"name\":\"Domovsk\u00e1 str\u00e1nka\",\"item\":\"https:\/\/3mon.sk\/eshop\/\"},{\"@type\":\"ListItem\",\"position\":2,\"name\":\"OBCHOD\",\"item\":\"https:\/\/3mon.sk\/eshop\/obchod\/\"},{\"@type\":\"ListItem\",\"position\":3,\"name\":\"Z\u00e1chrann\u00e9 nosidl\u00e1 ARES\"}]},{\"@type\":\"WebSite\",\"@id\":\"https:\/\/3mon.sk\/eshop\/#website\",\"url\":\"https:\/\/3mon.sk\/eshop\/\",\"name\":\"3MON Eshop\",\"description\":\"\",\"publisher\":{\"@id\":\"https:\/\/3mon.sk\/eshop\/#organization\"},\"potentialAction\":[{\"@type\":\"SearchAction\",\"target\":{\"@type\":\"EntryPoint\",\"urlTemplate\":\"https:\/\/3mon.sk\/eshop\/?s={search_term_string}\"},\"query-input\":{\"@type\":\"PropertyValueSpecification\",\"valueRequired\":true,\"valueName\":\"search_term_string\"}}],\"inLanguage\":\"sk-SK\"},{\"@type\":\"Organization\",\"@id\":\"https:\/\/3mon.sk\/eshop\/#organization\",\"name\":\"3MON, s. r. o.\",\"url\":\"https:\/\/3mon.sk\/eshop\/\",\"logo\":{\"@type\":\"ImageObject\",\"inLanguage\":\"sk-SK\",\"@id\":\"https:\/\/3mon.sk\/eshop\/#\/schema\/logo\/image\/\",\"url\":\"https:\/\/3mon.sk\/eshop\/wp-content\/uploads\/2024\/06\/3mon_logo_new.png\",\"contentUrl\":\"https:\/\/3mon.sk\/eshop\/wp-content\/uploads\/2024\/06\/3mon_logo_new.png\",\"width\":656,\"height\":206,\"caption\":\"3MON, s. r. o.\"},\"image\":{\"@id\":\"https:\/\/3mon.sk\/eshop\/#\/schema\/logo\/image\/\"},\"sameAs\":[\"https:\/\/www.facebook.com\/3MONsro\",\"https:\/\/www.instagram.com\/3mon_rescue\/\"]}]}<\/script>\n<!-- \/ Yoast SEO plugin. -->","yoast_head_json":{"title":"Z\u00e1chrann\u00e9 nosidl\u00e1 ARES - 3MON Eshop","robots":{"index":"index","follow":"follow","max-snippet":"max-snippet:-1","max-image-preview":"max-image-preview:large","max-video-preview":"max-video-preview:-1"},"canonical":"https:\/\/3mon.sk\/eshop\/produkt\/zachranne-nosidla-ares-air-rescue-systems\/","og_locale":"sk_SK","og_type":"article","og_title":"Z\u00e1chrann\u00e9 nosidl\u00e1 ARES - 3MON Eshop","og_description":"Cena na vy\u017eiadanie Dodaci term\u00edn: 2-3 t\u00fd\u017edne","og_url":"https:\/\/3mon.sk\/eshop\/produkt\/zachranne-nosidla-ares-air-rescue-systems\/","og_site_name":"3MON Eshop","article_publisher":"https:\/\/www.facebook.com\/3MONsro","article_modified_time":"2026-01-07T13:21:35+00:00","og_image":[{"width":1000,"height":1000,"url":"https:\/\/3mon.sk\/eshop\/wp-content\/uploads\/2023\/03\/Novy-projekt-14.jpg","type":"image\/jpeg"}],"twitter_card":"summary_large_image","twitter_misc":{"Predpokladan\u00fd \u010das \u010d\u00edtania":"2 min\u00faty"},"schema":{"@context":"https:\/\/schema.org","@graph":[{"@type":"WebPage","@id":"https:\/\/3mon.sk\/eshop\/produkt\/zachranne-nosidla-ares-air-rescue-systems\/","url":"https:\/\/3mon.sk\/eshop\/produkt\/zachranne-nosidla-ares-air-rescue-systems\/","name":"Z\u00e1chrann\u00e9 nosidl\u00e1 ARES - 3MON Eshop","isPartOf":{"@id":"https:\/\/3mon.sk\/eshop\/#website"},"primaryImageOfPage":{"@id":"https:\/\/3mon.sk\/eshop\/produkt\/zachranne-nosidla-ares-air-rescue-systems\/#primaryimage"},"image":{"@id":"https:\/\/3mon.sk\/eshop\/produkt\/zachranne-nosidla-ares-air-rescue-systems\/#primaryimage"},"thumbnailUrl":"https:\/\/3mon.sk\/eshop\/wp-content\/uploads\/2023\/03\/Novy-projekt-14.jpg","datePublished":"2023-03-29T09:03:43+00:00","dateModified":"2026-01-07T13:21:35+00:00","breadcrumb":{"@id":"https:\/\/3mon.sk\/eshop\/produkt\/zachranne-nosidla-ares-air-rescue-systems\/#breadcrumb"},"inLanguage":"sk-SK","potentialAction":[{"@type":"ReadAction","target":["https:\/\/3mon.sk\/eshop\/produkt\/zachranne-nosidla-ares-air-rescue-systems\/"]}]},{"@type":"ImageObject","inLanguage":"sk-SK","@id":"https:\/\/3mon.sk\/eshop\/produkt\/zachranne-nosidla-ares-air-rescue-systems\/#primaryimage","url":"https:\/\/3mon.sk\/eshop\/wp-content\/uploads\/2023\/03\/Novy-projekt-14.jpg","contentUrl":"https:\/\/3mon.sk\/eshop\/wp-content\/uploads\/2023\/03\/Novy-projekt-14.jpg","width":1000,"height":1000,"caption":"Z\u00e1chrann\u00e9 nosidl\u00e1 ARES - hasenie.sk"},{"@type":"BreadcrumbList","@id":"https:\/\/3mon.sk\/eshop\/produkt\/zachranne-nosidla-ares-air-rescue-systems\/#breadcrumb","itemListElement":[{"@type":"ListItem","position":1,"name":"Domovsk\u00e1 str\u00e1nka","item":"https:\/\/3mon.sk\/eshop\/"},{"@type":"ListItem","position":2,"name":"OBCHOD","item":"https:\/\/3mon.sk\/eshop\/obchod\/"},{"@type":"ListItem","position":3,"name":"Z\u00e1chrann\u00e9 nosidl\u00e1 ARES"}]},{"@type":"WebSite","@id":"https:\/\/3mon.sk\/eshop\/#website","url":"https:\/\/3mon.sk\/eshop\/","name":"3MON Eshop","description":"","publisher":{"@id":"https:\/\/3mon.sk\/eshop\/#organization"},"potentialAction":[{"@type":"SearchAction","target":{"@type":"EntryPoint","urlTemplate":"https:\/\/3mon.sk\/eshop\/?s={search_term_string}"},"query-input":{"@type":"PropertyValueSpecification","valueRequired":true,"valueName":"search_term_string"}}],"inLanguage":"sk-SK"},{"@type":"Organization","@id":"https:\/\/3mon.sk\/eshop\/#organization","name":"3MON, s. r. o.","url":"https:\/\/3mon.sk\/eshop\/","logo":{"@type":"ImageObject","inLanguage":"sk-SK","@id":"https:\/\/3mon.sk\/eshop\/#\/schema\/logo\/image\/","url":"https:\/\/3mon.sk\/eshop\/wp-content\/uploads\/2024\/06\/3mon_logo_new.png","contentUrl":"https:\/\/3mon.sk\/eshop\/wp-content\/uploads\/2024\/06\/3mon_logo_new.png","width":656,"height":206,"caption":"3MON, s. r. o."},"image":{"@id":"https:\/\/3mon.sk\/eshop\/#\/schema\/logo\/image\/"},"sameAs":["https:\/\/www.facebook.com\/3MONsro","https:\/\/www.instagram.com\/3mon_rescue\/"]}]}},"_links":{"self":[{"href":"https:\/\/3mon.sk\/eshop\/wp-json\/wp\/v2\/product\/1504","targetHints":{"allow":["GET"]}}],"collection":[{"href":"https:\/\/3mon.sk\/eshop\/wp-json\/wp\/v2\/product"}],"about":[{"href":"https:\/\/3mon.sk\/eshop\/wp-json\/wp\/v2\/types\/product"}],"replies":[{"embeddable":true,"href":"https:\/\/3mon.sk\/eshop\/wp-json\/wp\/v2\/comments?post=1504"}],"version-history":[{"count":26,"href":"https:\/\/3mon.sk\/eshop\/wp-json\/wp\/v2\/product\/1504\/revisions"}],"predecessor-version":[{"id":4790,"href":"https:\/\/3mon.sk\/eshop\/wp-json\/wp\/v2\/product\/1504\/revisions\/4790"}],"wp:featuredmedia":[{"embeddable":true,"href":"https:\/\/3mon.sk\/eshop\/wp-json\/wp\/v2\/media\/1505"}],"wp:attachment":[{"href":"https:\/\/3mon.sk\/eshop\/wp-json\/wp\/v2\/media?parent=1504"}],"wp:term":[{"taxonomy":"product_brand","embeddable":true,"href":"https:\/\/3mon.sk\/eshop\/wp-json\/wp\/v2\/product_brand?post=1504"},{"taxonomy":"product_cat","embeddable":true,"href":"https:\/\/3mon.sk\/eshop\/wp-json\/wp\/v2\/product_cat?post=1504"},{"taxonomy":"product_tag","embeddable":true,"href":"https:\/\/3mon.sk\/eshop\/wp-json\/wp\/v2\/product_tag?post=1504"}],"curies":[{"name":"wp","href":"https:\/\/api.w.org\/{rel}","templated":true}]}}