{"id":1411,"date":"2023-02-22T16:32:44","date_gmt":"2023-02-22T15:32:44","guid":{"rendered":"https:\/\/3mon.sk\/eshop\/?post_type=product&#038;p=1411"},"modified":"2026-01-16T10:39:12","modified_gmt":"2026-01-16T09:39:12","slug":"rozprasovac-vodnej-hmly-fire-isolator","status":"publish","type":"product","link":"https:\/\/3mon.sk\/eshop\/produkt\/rozprasovac-vodnej-hmly-fire-isolator\/","title":{"rendered":"Rozpra\u0161ova\u010d vodnej hmly Fire Isolator"},"content":{"rendered":"\t\t<div data-elementor-type=\"wp-post\" data-elementor-id=\"1411\" class=\"elementor elementor-1411\">\n\t\t\t\t\t\t<section class=\"elementor-section elementor-top-section elementor-element elementor-element-7f174771 elementor-section-boxed elementor-section-height-default elementor-section-height-default\" data-id=\"7f174771\" data-element_type=\"section\" data-e-type=\"section\">\r\n\t\t\r\n\t\t\t\t\t\t\t<div class=\"elementor-container elementor-column-gap-default\">\r\n\t\t\t\t\t\t\t\t\t\t\t<div class=\"elementor-column elementor-col-100 elementor-top-column elementor-element elementor-element-66b4ece0\" data-id=\"66b4ece0\" data-element_type=\"column\" data-e-type=\"column\">\r\n\t\t\t\t\t<div class=\"elementor-widget-wrap elementor-element-populated\">\r\n\t\t\t\t\t\t\t\t<div class=\"elementor-element elementor-element-39f6915d elementor-widget elementor-widget-text-editor\" data-id=\"39f6915d\" data-element_type=\"widget\" data-e-type=\"widget\" data-widget_type=\"text-editor.default\">\n\t\t\t\t<div class=\"elementor-widget-container\">\n\t\t\t\t\t\t\t\t\t<p><strong> Rozpra\u0161ova\u010d vodnej hmly Fire Isolator<\/strong> sa pou\u017e\u00edva na rozpra\u0161ovanie &#8222;hmly&#8220; &#8211; vody nad vozidlom. T\u00fdm sa udr\u017eiava n\u00edzka teplota a zabra\u0148uje nadmern\u00e9mu vzniku dymu.<\/p><p>Rozpra\u0161ova\u010d vodnej hmly je va\u0161\u00edm pomocn\u00edkom pri r\u00fdchlom a \u00fa\u010dinnom zni\u017eovan\u00ed po\u017eiarov elektrick\u00fdch vozidiel. Navlh\u010den\u00edm sa deka stane takmer plynotesnou, zachr\u00e1ni aeros\u00f3lov\u00fd oblak a zabr\u00e1ni pr\u00edstupu kysl\u00edka. Taktie\u017e sa zn\u00ed\u017ei teplota po\u017eiaru.<br \/>Rozpra\u0161ova\u010d vodnej hmly m\u00f4\u017ee prenikn\u00fa\u0165 priamo do bat\u00e9rie v \u013eahko pr\u00edstupnom mieste. Tento sp\u00f4sob umo\u017e\u0148uje, aby sa voda dostala priamo do \u010dl\u00e1nkov bat\u00e9rie.<\/p><p><strong>Rozpra\u0161ova\u010d vodnej hmly Fire Isolator<\/strong> m\u00e1 najlep\u0161iu \u00fa\u010dinnos\u0165 spolu s protipo\u017eiarnou <a href=\"https:\/\/3mon.sk\/eshop\/produkt\/fire-isolator-protipoziarna-deka\/?_gl=1*1323m1j*_ga*NDExNTIwMzM0LjE2NzcwNjYwMTk.*_up*MQ..\"><strong>dekou FIREISOLATOR<\/strong><\/a>.<\/p>\t\t\t\t\t\t\t\t<\/div>\n\t\t\t\t<\/div>\n\t\t\t\t\t<\/div>\r\n\t\t\t\t<\/div>\r\n\t\t\t\t\t<\/div>\r\n\t\t\t\t<\/section>\r\n\t\t\t\t<section class=\"elementor-section elementor-top-section elementor-element elementor-element-ee18acd elementor-section-boxed elementor-section-height-default elementor-section-height-default\" data-id=\"ee18acd\" data-element_type=\"section\" data-e-type=\"section\">\r\n\t\t\r\n\t\t\t\t\t\t\t<div class=\"elementor-container elementor-column-gap-default\">\r\n\t\t\t\t\t\t\t\t\t\t\t<div class=\"elementor-column elementor-col-100 elementor-top-column elementor-element elementor-element-2a03b8b\" data-id=\"2a03b8b\" data-element_type=\"column\" data-e-type=\"column\">\r\n\t\t\t\t\t<div class=\"elementor-widget-wrap elementor-element-populated\">\r\n\t\t\t\t\t\t\t\t<div class=\"elementor-element elementor-element-807b420 elementor-align-center elementor-widget elementor-widget-button\" data-id=\"807b420\" data-element_type=\"widget\" data-e-type=\"widget\" data-widget_type=\"button.default\">\n\t\t\t\t<div class=\"elementor-widget-container\">\n\t\t\t\t\t\t\t\t\t<div class=\"elementor-button-wrapper\">\n\t\t\t\t\t<a class=\"elementor-button elementor-button-link elementor-size-sm\" href=\"https:\/\/3mon.sk\/eshop\/wp-content\/uploads\/2023\/01\/Pouzivanie-Fire-Isolator.pdf\" target=\"_blank\" id=\"navod-fireisolator\">\n\t\t\t\t\t\t<span class=\"elementor-button-content-wrapper\">\n\t\t\t\t\t\t\t\t\t<span class=\"elementor-button-text\">N\u00e1vod na pou\u017eitie  hasiaceho zariadenia FIREISOLATOR<\/span>\n\t\t\t\t\t<\/span>\n\t\t\t\t\t<\/a>\n\t\t\t\t<\/div>\n\t\t\t\t\t\t\t\t<\/div>\n\t\t\t\t<\/div>\n\t\t\t\t\t<\/div>\r\n\t\t\t\t<\/div>\r\n\t\t\t\t\t<\/div>\r\n\t\t\t\t<\/section>\r\n\t\t\t\t<\/div>\n\t\t","protected":false},"excerpt":{"rendered":"<p>Rozpra\u0161ova\u010d vodnej hmly Fire Isolator sa pou\u017e\u00edva na rozpra\u0161ovanie &#8222;hmly&#8220; &#8211; vody nad vozidlom. T\u00fdm sa udr\u017eiava n\u00edzka teplota a zabra\u0148uje nadmern\u00e9mu vzniku dymu. Rozpra\u0161ova\u010d vodnej hmly je va\u0161\u00edm pomocn\u00edkom pri r\u00fdchlom a \u00fa\u010dinnom zni\u017eovan\u00ed po\u017eiarov elektrick\u00fdch vozidiel. Navlh\u010den\u00edm sa deka stane takmer plynotesnou, zachr\u00e1ni aeros\u00f3lov\u00fd oblak a zabr\u00e1ni pr\u00edstupu kysl\u00edka. Taktie\u017e sa zn\u00ed\u017ei teplota [&hellip;]<\/p>\n","protected":false},"featured_media":1412,"comment_status":"open","ping_status":"closed","template":"","meta":{"_acf_changed":false,"_uf_show_specific_survey":0,"_uf_disable_surveys":false},"product_brand":[],"product_cat":[64,46,18],"product_tag":[175,179],"class_list":{"0":"post-1411","1":"product","2":"type-product","3":"status-publish","4":"has-post-thumbnail","6":"product_cat-hasenie-lithiovych-baterii","7":"product_cat-ostatne-hasiace-prostriedky","8":"product_cat-hasiace-pristroje","9":"product_tag-fire-isolator","10":"product_tag-rozprasovac","11":"wcpa_has_options","13":"first","14":"onbackorder","15":"taxable","16":"shipping-taxable","17":"purchasable","18":"product-type-simple"},"acf":[],"wcpa_form_fields":{"rules":{"pric_overide_base_price":false,"pric_overide_base_price_if_gt_zero":false,"pric_overide_base_price_fully":false,"pric_cal_option_once":false,"pric_use_as_fee":false,"bind_quantity":false,"quantity_bind_formula":false},"fields":[{"type":"text","elementId":"wcpa-text-1701694932704","label":"POZOR!","value":"Hasiace pr\u00edstroje pred\u00e1vame iba na osobn\u00fd odber, tlakov\u00e9 n\u00e1doby nie je mo\u017en\u00e9 zasiela\u0165 kuri\u00e9rom.","pricingType":"fixed","name":"text-1701694932704","subtype":"text","cl_rule":"show","col":6,"relations":false,"form_id":3854,"form_rules":{"pric_cal_option_once":false,"exclude_from_discount":false,"pric_use_as_fee":false,"fee_label":"Poplatok","render_after_acb":false,"disp_hide_options_price":false}},{"type":"checkbox-group","elementId":"wcpa-checkbox-group-1674660255438","label":"Dar\u010dek k n\u00e1kupu","priceOptions":"fixed_for_all","pricingType":"multiply","price":"3","name":"checkbox-group-1674660255438","other_text":"Other","cl_rule":"show","col":6,"values":[{"label":"Dr\u017eiak k pr\u00edstroju","value":"option-1","price":"","pimage":"","pimage_id":"","pthumb":"","selected":true},{"label":"Skompletizovanie PHP","value":"","price":"","pimage":"","pimage_id":"","pthumb":"","selected":true}],"relations":false,"form_id":994,"form_rules":{"pric_cal_option_once":false,"exclude_from_discount":false,"pric_use_as_fee":false,"fee_label":"Poplatok","render_after_acb":false,"disp_hide_options_price":false}},{"type":"checkbox-group","elementId":"wcpa-checkbox-group-1674658740881","label":"Doplnkov\u00e1 slu\u017eba","description":"Povinn\u00e9, ak budete hasiace pr\u00edstroje pou\u017e\u00edva\u0165 v podnikate\u013esk\u00fdch priestoroch.","desc_type":true,"enablePrice":true,"priceOptions":"fixed_for_all","pricingType":"multiply","price":"3,5","name":"checkbox-group-1674658740881","other_text":"Ostatn\u00e9","cl_rule":"show","col":6,"values":[{"label":"K\u00fapi\u0165 s rev\u00edziou (3,5\u20ac)","value":"option-1","price":"2,5","pimage":"","pimage_id":"","pthumb":""}],"relations":false,"form_id":994,"form_rules":{"pric_cal_option_once":false,"exclude_from_discount":false,"pric_use_as_fee":false,"fee_label":"Poplatok","render_after_acb":false,"disp_hide_options_price":false}},{"type":"checkbox-group","elementId":"wcpa-checkbox-group-1691055912438","label":"Mo\u017enos\u0165 doobjedna\u0165","description":"Piktogram Hasiaci pr\u00edstroj na ozna\u010denie miesta, kde bude HP umiestnen\u00fd.","desc_type":true,"enablePrice":true,"priceOptions":"fixed_for_all","pricingType":"multiply","price":"1,5","name":"checkbox-group-1691055912437","other_text":"Ostatn\u00e9","cl_rule":"show","col":6,"values":[{"label":"K\u00fapi\u0165 s piktogramom (1,5 \u20ac)","value":"option-1","price":"2,5","pimage":"","pimage_id":"","pthumb":""}],"relations":false,"form_id":994,"form_rules":{"pric_cal_option_once":false,"exclude_from_discount":false,"pric_use_as_fee":false,"fee_label":"Poplatok","render_after_acb":false,"disp_hide_options_price":false}}]},"yoast_head":"<!-- This site is optimized with the Yoast SEO plugin v27.1.1 - https:\/\/yoast.com\/product\/yoast-seo-wordpress\/ -->\n<title>Rozpra\u0161ova\u010d vodnej hmly Fire Isolator - 3MON Eshop<\/title>\n<meta name=\"robots\" content=\"index, follow, max-snippet:-1, max-image-preview:large, max-video-preview:-1\" \/>\n<link rel=\"canonical\" href=\"https:\/\/3mon.sk\/eshop\/produkt\/rozprasovac-vodnej-hmly-fire-isolator\/\" \/>\n<meta property=\"og:locale\" content=\"sk_SK\" \/>\n<meta property=\"og:type\" content=\"article\" \/>\n<meta property=\"og:title\" content=\"Rozpra\u0161ova\u010d vodnej hmly Fire Isolator - 3MON Eshop\" \/>\n<meta property=\"og:description\" content=\"Rozpra\u0161ova\u010d vodnej hmly Fire Isolator sa pou\u017e\u00edva na rozpra\u0161ovanie &#8222;hmly&#8220; &#8211; vody nad vozidlom. T\u00fdm sa udr\u017eiava n\u00edzka teplota a zabra\u0148uje nadmern\u00e9mu vzniku dymu. Rozpra\u0161ova\u010d vodnej hmly je va\u0161\u00edm pomocn\u00edkom pri r\u00fdchlom a \u00fa\u010dinnom zni\u017eovan\u00ed po\u017eiarov elektrick\u00fdch vozidiel. Navlh\u010den\u00edm sa deka stane takmer plynotesnou, zachr\u00e1ni aeros\u00f3lov\u00fd oblak a zabr\u00e1ni pr\u00edstupu kysl\u00edka. Taktie\u017e sa zn\u00ed\u017ei teplota [&hellip;]\" \/>\n<meta property=\"og:url\" content=\"https:\/\/3mon.sk\/eshop\/produkt\/rozprasovac-vodnej-hmly-fire-isolator\/\" \/>\n<meta property=\"og:site_name\" content=\"3MON Eshop\" \/>\n<meta property=\"article:publisher\" content=\"https:\/\/www.facebook.com\/3MONsro\" \/>\n<meta property=\"article:modified_time\" content=\"2026-01-16T09:39:12+00:00\" \/>\n<meta property=\"og:image\" content=\"https:\/\/3mon.sk\/eshop\/wp-content\/uploads\/2023\/02\/Novy-projekt-11.jpg\" \/>\n\t<meta property=\"og:image:width\" content=\"1000\" \/>\n\t<meta property=\"og:image:height\" content=\"1000\" \/>\n\t<meta property=\"og:image:type\" content=\"image\/jpeg\" \/>\n<meta name=\"twitter:card\" content=\"summary_large_image\" \/>\n<meta name=\"twitter:label1\" content=\"Predpokladan\u00fd \u010das \u010d\u00edtania\" \/>\n\t<meta name=\"twitter:data1\" content=\"1 min\u00fata\" \/>\n<script type=\"application\/ld+json\" class=\"yoast-schema-graph\">{\"@context\":\"https:\/\/schema.org\",\"@graph\":[{\"@type\":\"WebPage\",\"@id\":\"https:\/\/3mon.sk\/eshop\/produkt\/rozprasovac-vodnej-hmly-fire-isolator\/\",\"url\":\"https:\/\/3mon.sk\/eshop\/produkt\/rozprasovac-vodnej-hmly-fire-isolator\/\",\"name\":\"Rozpra\u0161ova\u010d vodnej hmly Fire Isolator - 3MON Eshop\",\"isPartOf\":{\"@id\":\"https:\/\/3mon.sk\/eshop\/#website\"},\"primaryImageOfPage\":{\"@id\":\"https:\/\/3mon.sk\/eshop\/produkt\/rozprasovac-vodnej-hmly-fire-isolator\/#primaryimage\"},\"image\":{\"@id\":\"https:\/\/3mon.sk\/eshop\/produkt\/rozprasovac-vodnej-hmly-fire-isolator\/#primaryimage\"},\"thumbnailUrl\":\"https:\/\/3mon.sk\/eshop\/wp-content\/uploads\/2023\/02\/Novy-projekt-11.jpg\",\"datePublished\":\"2023-02-22T15:32:44+00:00\",\"dateModified\":\"2026-01-16T09:39:12+00:00\",\"breadcrumb\":{\"@id\":\"https:\/\/3mon.sk\/eshop\/produkt\/rozprasovac-vodnej-hmly-fire-isolator\/#breadcrumb\"},\"inLanguage\":\"sk-SK\",\"potentialAction\":[{\"@type\":\"ReadAction\",\"target\":[\"https:\/\/3mon.sk\/eshop\/produkt\/rozprasovac-vodnej-hmly-fire-isolator\/\"]}]},{\"@type\":\"ImageObject\",\"inLanguage\":\"sk-SK\",\"@id\":\"https:\/\/3mon.sk\/eshop\/produkt\/rozprasovac-vodnej-hmly-fire-isolator\/#primaryimage\",\"url\":\"https:\/\/3mon.sk\/eshop\/wp-content\/uploads\/2023\/02\/Novy-projekt-11.jpg\",\"contentUrl\":\"https:\/\/3mon.sk\/eshop\/wp-content\/uploads\/2023\/02\/Novy-projekt-11.jpg\",\"width\":1000,\"height\":1000,\"caption\":\"Rozpra\u0161ova\u010d vodnej hmly Fire Isolator - hasenie.sk\"},{\"@type\":\"BreadcrumbList\",\"@id\":\"https:\/\/3mon.sk\/eshop\/produkt\/rozprasovac-vodnej-hmly-fire-isolator\/#breadcrumb\",\"itemListElement\":[{\"@type\":\"ListItem\",\"position\":1,\"name\":\"Domovsk\u00e1 str\u00e1nka\",\"item\":\"https:\/\/3mon.sk\/eshop\/\"},{\"@type\":\"ListItem\",\"position\":2,\"name\":\"OBCHOD\",\"item\":\"https:\/\/3mon.sk\/eshop\/obchod\/\"},{\"@type\":\"ListItem\",\"position\":3,\"name\":\"Rozpra\u0161ova\u010d vodnej hmly Fire Isolator\"}]},{\"@type\":\"WebSite\",\"@id\":\"https:\/\/3mon.sk\/eshop\/#website\",\"url\":\"https:\/\/3mon.sk\/eshop\/\",\"name\":\"3MON Eshop\",\"description\":\"\",\"publisher\":{\"@id\":\"https:\/\/3mon.sk\/eshop\/#organization\"},\"potentialAction\":[{\"@type\":\"SearchAction\",\"target\":{\"@type\":\"EntryPoint\",\"urlTemplate\":\"https:\/\/3mon.sk\/eshop\/?s={search_term_string}\"},\"query-input\":{\"@type\":\"PropertyValueSpecification\",\"valueRequired\":true,\"valueName\":\"search_term_string\"}}],\"inLanguage\":\"sk-SK\"},{\"@type\":\"Organization\",\"@id\":\"https:\/\/3mon.sk\/eshop\/#organization\",\"name\":\"3MON, s. r. o.\",\"url\":\"https:\/\/3mon.sk\/eshop\/\",\"logo\":{\"@type\":\"ImageObject\",\"inLanguage\":\"sk-SK\",\"@id\":\"https:\/\/3mon.sk\/eshop\/#\/schema\/logo\/image\/\",\"url\":\"https:\/\/3mon.sk\/eshop\/wp-content\/uploads\/2024\/06\/3mon_logo_new.png\",\"contentUrl\":\"https:\/\/3mon.sk\/eshop\/wp-content\/uploads\/2024\/06\/3mon_logo_new.png\",\"width\":656,\"height\":206,\"caption\":\"3MON, s. r. o.\"},\"image\":{\"@id\":\"https:\/\/3mon.sk\/eshop\/#\/schema\/logo\/image\/\"},\"sameAs\":[\"https:\/\/www.facebook.com\/3MONsro\",\"https:\/\/www.instagram.com\/3mon_rescue\/\"]}]}<\/script>\n<!-- \/ Yoast SEO plugin. -->","yoast_head_json":{"title":"Rozpra\u0161ova\u010d vodnej hmly Fire Isolator - 3MON Eshop","robots":{"index":"index","follow":"follow","max-snippet":"max-snippet:-1","max-image-preview":"max-image-preview:large","max-video-preview":"max-video-preview:-1"},"canonical":"https:\/\/3mon.sk\/eshop\/produkt\/rozprasovac-vodnej-hmly-fire-isolator\/","og_locale":"sk_SK","og_type":"article","og_title":"Rozpra\u0161ova\u010d vodnej hmly Fire Isolator - 3MON Eshop","og_description":"Rozpra\u0161ova\u010d vodnej hmly Fire Isolator sa pou\u017e\u00edva na rozpra\u0161ovanie &#8222;hmly&#8220; &#8211; vody nad vozidlom. T\u00fdm sa udr\u017eiava n\u00edzka teplota a zabra\u0148uje nadmern\u00e9mu vzniku dymu. Rozpra\u0161ova\u010d vodnej hmly je va\u0161\u00edm pomocn\u00edkom pri r\u00fdchlom a \u00fa\u010dinnom zni\u017eovan\u00ed po\u017eiarov elektrick\u00fdch vozidiel. Navlh\u010den\u00edm sa deka stane takmer plynotesnou, zachr\u00e1ni aeros\u00f3lov\u00fd oblak a zabr\u00e1ni pr\u00edstupu kysl\u00edka. Taktie\u017e sa zn\u00ed\u017ei teplota [&hellip;]","og_url":"https:\/\/3mon.sk\/eshop\/produkt\/rozprasovac-vodnej-hmly-fire-isolator\/","og_site_name":"3MON Eshop","article_publisher":"https:\/\/www.facebook.com\/3MONsro","article_modified_time":"2026-01-16T09:39:12+00:00","og_image":[{"width":1000,"height":1000,"url":"https:\/\/3mon.sk\/eshop\/wp-content\/uploads\/2023\/02\/Novy-projekt-11.jpg","type":"image\/jpeg"}],"twitter_card":"summary_large_image","twitter_misc":{"Predpokladan\u00fd \u010das \u010d\u00edtania":"1 min\u00fata"},"schema":{"@context":"https:\/\/schema.org","@graph":[{"@type":"WebPage","@id":"https:\/\/3mon.sk\/eshop\/produkt\/rozprasovac-vodnej-hmly-fire-isolator\/","url":"https:\/\/3mon.sk\/eshop\/produkt\/rozprasovac-vodnej-hmly-fire-isolator\/","name":"Rozpra\u0161ova\u010d vodnej hmly Fire Isolator - 3MON Eshop","isPartOf":{"@id":"https:\/\/3mon.sk\/eshop\/#website"},"primaryImageOfPage":{"@id":"https:\/\/3mon.sk\/eshop\/produkt\/rozprasovac-vodnej-hmly-fire-isolator\/#primaryimage"},"image":{"@id":"https:\/\/3mon.sk\/eshop\/produkt\/rozprasovac-vodnej-hmly-fire-isolator\/#primaryimage"},"thumbnailUrl":"https:\/\/3mon.sk\/eshop\/wp-content\/uploads\/2023\/02\/Novy-projekt-11.jpg","datePublished":"2023-02-22T15:32:44+00:00","dateModified":"2026-01-16T09:39:12+00:00","breadcrumb":{"@id":"https:\/\/3mon.sk\/eshop\/produkt\/rozprasovac-vodnej-hmly-fire-isolator\/#breadcrumb"},"inLanguage":"sk-SK","potentialAction":[{"@type":"ReadAction","target":["https:\/\/3mon.sk\/eshop\/produkt\/rozprasovac-vodnej-hmly-fire-isolator\/"]}]},{"@type":"ImageObject","inLanguage":"sk-SK","@id":"https:\/\/3mon.sk\/eshop\/produkt\/rozprasovac-vodnej-hmly-fire-isolator\/#primaryimage","url":"https:\/\/3mon.sk\/eshop\/wp-content\/uploads\/2023\/02\/Novy-projekt-11.jpg","contentUrl":"https:\/\/3mon.sk\/eshop\/wp-content\/uploads\/2023\/02\/Novy-projekt-11.jpg","width":1000,"height":1000,"caption":"Rozpra\u0161ova\u010d vodnej hmly Fire Isolator - hasenie.sk"},{"@type":"BreadcrumbList","@id":"https:\/\/3mon.sk\/eshop\/produkt\/rozprasovac-vodnej-hmly-fire-isolator\/#breadcrumb","itemListElement":[{"@type":"ListItem","position":1,"name":"Domovsk\u00e1 str\u00e1nka","item":"https:\/\/3mon.sk\/eshop\/"},{"@type":"ListItem","position":2,"name":"OBCHOD","item":"https:\/\/3mon.sk\/eshop\/obchod\/"},{"@type":"ListItem","position":3,"name":"Rozpra\u0161ova\u010d vodnej hmly Fire Isolator"}]},{"@type":"WebSite","@id":"https:\/\/3mon.sk\/eshop\/#website","url":"https:\/\/3mon.sk\/eshop\/","name":"3MON Eshop","description":"","publisher":{"@id":"https:\/\/3mon.sk\/eshop\/#organization"},"potentialAction":[{"@type":"SearchAction","target":{"@type":"EntryPoint","urlTemplate":"https:\/\/3mon.sk\/eshop\/?s={search_term_string}"},"query-input":{"@type":"PropertyValueSpecification","valueRequired":true,"valueName":"search_term_string"}}],"inLanguage":"sk-SK"},{"@type":"Organization","@id":"https:\/\/3mon.sk\/eshop\/#organization","name":"3MON, s. r. o.","url":"https:\/\/3mon.sk\/eshop\/","logo":{"@type":"ImageObject","inLanguage":"sk-SK","@id":"https:\/\/3mon.sk\/eshop\/#\/schema\/logo\/image\/","url":"https:\/\/3mon.sk\/eshop\/wp-content\/uploads\/2024\/06\/3mon_logo_new.png","contentUrl":"https:\/\/3mon.sk\/eshop\/wp-content\/uploads\/2024\/06\/3mon_logo_new.png","width":656,"height":206,"caption":"3MON, s. r. o."},"image":{"@id":"https:\/\/3mon.sk\/eshop\/#\/schema\/logo\/image\/"},"sameAs":["https:\/\/www.facebook.com\/3MONsro","https:\/\/www.instagram.com\/3mon_rescue\/"]}]}},"_links":{"self":[{"href":"https:\/\/3mon.sk\/eshop\/wp-json\/wp\/v2\/product\/1411","targetHints":{"allow":["GET"]}}],"collection":[{"href":"https:\/\/3mon.sk\/eshop\/wp-json\/wp\/v2\/product"}],"about":[{"href":"https:\/\/3mon.sk\/eshop\/wp-json\/wp\/v2\/types\/product"}],"replies":[{"embeddable":true,"href":"https:\/\/3mon.sk\/eshop\/wp-json\/wp\/v2\/comments?post=1411"}],"version-history":[{"count":19,"href":"https:\/\/3mon.sk\/eshop\/wp-json\/wp\/v2\/product\/1411\/revisions"}],"predecessor-version":[{"id":1479,"href":"https:\/\/3mon.sk\/eshop\/wp-json\/wp\/v2\/product\/1411\/revisions\/1479"}],"wp:featuredmedia":[{"embeddable":true,"href":"https:\/\/3mon.sk\/eshop\/wp-json\/wp\/v2\/media\/1412"}],"wp:attachment":[{"href":"https:\/\/3mon.sk\/eshop\/wp-json\/wp\/v2\/media?parent=1411"}],"wp:term":[{"taxonomy":"product_brand","embeddable":true,"href":"https:\/\/3mon.sk\/eshop\/wp-json\/wp\/v2\/product_brand?post=1411"},{"taxonomy":"product_cat","embeddable":true,"href":"https:\/\/3mon.sk\/eshop\/wp-json\/wp\/v2\/product_cat?post=1411"},{"taxonomy":"product_tag","embeddable":true,"href":"https:\/\/3mon.sk\/eshop\/wp-json\/wp\/v2\/product_tag?post=1411"}],"curies":[{"name":"wp","href":"https:\/\/api.w.org\/{rel}","templated":true}]}}