{"id":1572,"date":"2023-04-11T19:37:40","date_gmt":"2023-04-11T17:37:40","guid":{"rendered":"https:\/\/3mon.sk\/eshop\/?page_id=1572"},"modified":"2023-05-04T15:25:04","modified_gmt":"2023-05-04T13:25:04","slug":"certifikaty-na-stiahnutie","status":"publish","type":"page","link":"https:\/\/3mon.sk\/eshop\/certifikaty-na-stiahnutie\/","title":{"rendered":"Certifik\u00e1ty na stiahnutie"},"content":{"rendered":"\t\t<div data-elementor-type=\"wp-page\" data-elementor-id=\"1572\" class=\"elementor elementor-1572\">\n\t\t\t\t\t\t<section class=\"elementor-section elementor-top-section elementor-element elementor-element-d9e4bc7 elementor-section-boxed elementor-section-height-default elementor-section-height-default\" data-id=\"d9e4bc7\" data-element_type=\"section\" data-e-type=\"section\">\r\n\t\t\r\n\t\t\t\t\t\t\t<div class=\"elementor-container elementor-column-gap-default\">\r\n\t\t\t\t\t\t\t\t\t\t\t<div class=\"elementor-column elementor-col-100 elementor-top-column elementor-element elementor-element-14a6189\" data-id=\"14a6189\" data-element_type=\"column\" data-e-type=\"column\">\r\n\t\t\t\t\t<div class=\"elementor-widget-wrap elementor-element-populated\">\r\n\t\t\t\t\t\t\t\t<div class=\"elementor-element elementor-element-2c28086 elementor-widget elementor-widget-text-editor\" data-id=\"2c28086\" data-element_type=\"widget\" data-e-type=\"widget\" data-widget_type=\"text-editor.default\">\n\t\t\t\t<div class=\"elementor-widget-container\">\n\t\t\t\t\t\t\t\t\t<p><a href=\"https:\/\/3mon.sk\/eshop\/wp-content\/uploads\/2023\/04\/Prohlaseni-o-shode-P6-beta-Z-Sk.pdf\">Vyhl\u00e1senie o zhode P6 BETA Z<\/a><\/p><p><a href=\"https:\/\/3mon.sk\/eshop\/wp-content\/uploads\/2023\/05\/Vyhlasenie-o-zhode-P6Ce2-do-2026.pdf\">Vyhl\u00e1senie o zhode P6 \u010ce2<\/a><\/p><p><a href=\"https:\/\/3mon.sk\/eshop\/wp-content\/uploads\/2023\/04\/MPA_DRESDEN_LIQUID_CERTIFIKAT_26_08_2014.pdf\">Certifik\u00e1t Bonpet Ampula\u00a0<\/a><\/p><p><a href=\"https:\/\/3mon.sk\/eshop\/wp-content\/uploads\/2023\/04\/MPA-DRESDEN-Portable-extinguisher-11_01_2016.pdf\">Certifik\u00e1t Bonpet BFE6, BFE2<\/a><\/p><p><a href=\"https:\/\/3mon.sk\/eshop\/wp-content\/uploads\/2023\/04\/TECHNICAL-DATA-BFE2.pdf\">Technick\u00fd list Bonpet BFE2<\/a><\/p><p><a href=\"https:\/\/3mon.sk\/eshop\/wp-content\/uploads\/2023\/04\/TECHNICAL-DATA-BFE6.pdf\">Technick\u00fd list Bonpet BFE6<\/a><\/p><p><a href=\"https:\/\/3mon.sk\/eshop\/wp-content\/uploads\/2023\/04\/TECHNICAL-DATA-B6.pdf\">Technick\u00fd list Bonpet B6<\/a><\/p><p><a href=\"https:\/\/3mon.sk\/eshop\/wp-content\/uploads\/2023\/04\/TECHNICAL-DATA-B12.pdf\">Technick\u00fd list Bonpet B12<\/a><\/p><p><a href=\"https:\/\/3mon.sk\/eshop\/wp-content\/uploads\/2023\/05\/P6-BETA-Z-Technicky-list-BETA.pdf\">Technick\u00fd list BETA P6-Z<\/a><\/p><p><a href=\"https:\/\/3mon.sk\/eshop\/wp-content\/uploads\/2023\/05\/P6-BETA-A-Technicky-list-BETA-2020.pdf\">Technick\u00fd list BETA P6-A<\/a><\/p><p><a href=\"https:\/\/3mon.sk\/eshop\/wp-content\/uploads\/2023\/05\/P6-Ce-2-34A-Technicky-list.pdf\">Technick\u00fd list P6 \u010ce2<\/a><\/p><p>\u00a0<\/p>\t\t\t\t\t\t\t\t<\/div>\n\t\t\t\t<\/div>\n\t\t\t\t\t<\/div>\r\n\t\t\t\t<\/div>\r\n\t\t\t\t\t<\/div>\r\n\t\t\t\t<\/section>\r\n\t\t\t\t<\/div>\n\t\t","protected":false},"excerpt":{"rendered":"<p>Vyhl\u00e1senie o zhode P6 BETA Z Vyhl\u00e1senie o zhode P6 \u010ce2 Certifik\u00e1t Bonpet Ampula\u00a0 Certifik\u00e1t Bonpet BFE6, BFE2 Technick\u00fd list Bonpet BFE2 Technick\u00fd list Bonpet BFE6 Technick\u00fd list Bonpet B6 Technick\u00fd list Bonpet B12 Technick\u00fd list BETA P6-Z Technick\u00fd list BETA P6-A Technick\u00fd list P6 \u010ce2 \u00a0<\/p>\n","protected":false},"author":1,"featured_media":0,"parent":0,"menu_order":0,"comment_status":"closed","ping_status":"closed","template":"","meta":{"_acf_changed":false,"_uf_show_specific_survey":0,"_uf_disable_surveys":false,"footnotes":""},"class_list":["post-1572","page","type-page","status-publish","hentry"],"acf":[],"yoast_head":"<!-- This site is optimized with the Yoast SEO plugin v27.1.1 - https:\/\/yoast.com\/product\/yoast-seo-wordpress\/ -->\n<title>Certifik\u00e1ty na stiahnutie - 3MON Eshop<\/title>\n<meta name=\"robots\" content=\"index, follow, max-snippet:-1, max-image-preview:large, max-video-preview:-1\" \/>\n<link rel=\"canonical\" href=\"https:\/\/3mon.sk\/eshop\/certifikaty-na-stiahnutie\/\" \/>\n<meta property=\"og:locale\" content=\"sk_SK\" \/>\n<meta property=\"og:type\" content=\"article\" \/>\n<meta property=\"og:title\" content=\"Certifik\u00e1ty na stiahnutie - 3MON Eshop\" \/>\n<meta property=\"og:description\" content=\"Vyhl\u00e1senie o zhode P6 BETA Z Vyhl\u00e1senie o zhode P6 \u010ce2 Certifik\u00e1t Bonpet Ampula\u00a0 Certifik\u00e1t Bonpet BFE6, BFE2 Technick\u00fd list Bonpet BFE2 Technick\u00fd list Bonpet BFE6 Technick\u00fd list Bonpet B6 Technick\u00fd list Bonpet B12 Technick\u00fd list BETA P6-Z Technick\u00fd list BETA P6-A Technick\u00fd list P6 \u010ce2 \u00a0\" \/>\n<meta property=\"og:url\" content=\"https:\/\/3mon.sk\/eshop\/certifikaty-na-stiahnutie\/\" \/>\n<meta property=\"og:site_name\" content=\"3MON Eshop\" \/>\n<meta property=\"article:publisher\" content=\"https:\/\/www.facebook.com\/3MONsro\" \/>\n<meta property=\"article:modified_time\" content=\"2023-05-04T13:25:04+00:00\" \/>\n<meta name=\"twitter:card\" content=\"summary_large_image\" \/>\n<meta name=\"twitter:label1\" content=\"Predpokladan\u00fd \u010das \u010d\u00edtania\" \/>\n\t<meta name=\"twitter:data1\" content=\"1 min\u00fata\" \/>\n<script type=\"application\/ld+json\" class=\"yoast-schema-graph\">{\"@context\":\"https:\/\/schema.org\",\"@graph\":[{\"@type\":\"WebPage\",\"@id\":\"https:\/\/3mon.sk\/eshop\/certifikaty-na-stiahnutie\/\",\"url\":\"https:\/\/3mon.sk\/eshop\/certifikaty-na-stiahnutie\/\",\"name\":\"Certifik\u00e1ty na stiahnutie - 3MON Eshop\",\"isPartOf\":{\"@id\":\"https:\/\/3mon.sk\/eshop\/#website\"},\"datePublished\":\"2023-04-11T17:37:40+00:00\",\"dateModified\":\"2023-05-04T13:25:04+00:00\",\"breadcrumb\":{\"@id\":\"https:\/\/3mon.sk\/eshop\/certifikaty-na-stiahnutie\/#breadcrumb\"},\"inLanguage\":\"sk-SK\",\"potentialAction\":[{\"@type\":\"ReadAction\",\"target\":[\"https:\/\/3mon.sk\/eshop\/certifikaty-na-stiahnutie\/\"]}]},{\"@type\":\"BreadcrumbList\",\"@id\":\"https:\/\/3mon.sk\/eshop\/certifikaty-na-stiahnutie\/#breadcrumb\",\"itemListElement\":[{\"@type\":\"ListItem\",\"position\":1,\"name\":\"Domovsk\u00e1 str\u00e1nka\",\"item\":\"https:\/\/3mon.sk\/eshop\/\"},{\"@type\":\"ListItem\",\"position\":2,\"name\":\"Certifik\u00e1ty na stiahnutie\"}]},{\"@type\":\"WebSite\",\"@id\":\"https:\/\/3mon.sk\/eshop\/#website\",\"url\":\"https:\/\/3mon.sk\/eshop\/\",\"name\":\"3MON Eshop\",\"description\":\"\",\"publisher\":{\"@id\":\"https:\/\/3mon.sk\/eshop\/#organization\"},\"potentialAction\":[{\"@type\":\"SearchAction\",\"target\":{\"@type\":\"EntryPoint\",\"urlTemplate\":\"https:\/\/3mon.sk\/eshop\/?s={search_term_string}\"},\"query-input\":{\"@type\":\"PropertyValueSpecification\",\"valueRequired\":true,\"valueName\":\"search_term_string\"}}],\"inLanguage\":\"sk-SK\"},{\"@type\":\"Organization\",\"@id\":\"https:\/\/3mon.sk\/eshop\/#organization\",\"name\":\"3MON, s. r. o.\",\"url\":\"https:\/\/3mon.sk\/eshop\/\",\"logo\":{\"@type\":\"ImageObject\",\"inLanguage\":\"sk-SK\",\"@id\":\"https:\/\/3mon.sk\/eshop\/#\/schema\/logo\/image\/\",\"url\":\"https:\/\/3mon.sk\/eshop\/wp-content\/uploads\/2024\/06\/3mon_logo_new.png\",\"contentUrl\":\"https:\/\/3mon.sk\/eshop\/wp-content\/uploads\/2024\/06\/3mon_logo_new.png\",\"width\":656,\"height\":206,\"caption\":\"3MON, s. r. o.\"},\"image\":{\"@id\":\"https:\/\/3mon.sk\/eshop\/#\/schema\/logo\/image\/\"},\"sameAs\":[\"https:\/\/www.facebook.com\/3MONsro\",\"https:\/\/www.instagram.com\/3mon_rescue\/\"]}]}<\/script>\n<!-- \/ Yoast SEO plugin. -->","yoast_head_json":{"title":"Certifik\u00e1ty na stiahnutie - 3MON Eshop","robots":{"index":"index","follow":"follow","max-snippet":"max-snippet:-1","max-image-preview":"max-image-preview:large","max-video-preview":"max-video-preview:-1"},"canonical":"https:\/\/3mon.sk\/eshop\/certifikaty-na-stiahnutie\/","og_locale":"sk_SK","og_type":"article","og_title":"Certifik\u00e1ty na stiahnutie - 3MON Eshop","og_description":"Vyhl\u00e1senie o zhode P6 BETA Z Vyhl\u00e1senie o zhode P6 \u010ce2 Certifik\u00e1t Bonpet Ampula\u00a0 Certifik\u00e1t Bonpet BFE6, BFE2 Technick\u00fd list Bonpet BFE2 Technick\u00fd list Bonpet BFE6 Technick\u00fd list Bonpet B6 Technick\u00fd list Bonpet B12 Technick\u00fd list BETA P6-Z Technick\u00fd list BETA P6-A Technick\u00fd list P6 \u010ce2 \u00a0","og_url":"https:\/\/3mon.sk\/eshop\/certifikaty-na-stiahnutie\/","og_site_name":"3MON Eshop","article_publisher":"https:\/\/www.facebook.com\/3MONsro","article_modified_time":"2023-05-04T13:25:04+00:00","twitter_card":"summary_large_image","twitter_misc":{"Predpokladan\u00fd \u010das \u010d\u00edtania":"1 min\u00fata"},"schema":{"@context":"https:\/\/schema.org","@graph":[{"@type":"WebPage","@id":"https:\/\/3mon.sk\/eshop\/certifikaty-na-stiahnutie\/","url":"https:\/\/3mon.sk\/eshop\/certifikaty-na-stiahnutie\/","name":"Certifik\u00e1ty na stiahnutie - 3MON Eshop","isPartOf":{"@id":"https:\/\/3mon.sk\/eshop\/#website"},"datePublished":"2023-04-11T17:37:40+00:00","dateModified":"2023-05-04T13:25:04+00:00","breadcrumb":{"@id":"https:\/\/3mon.sk\/eshop\/certifikaty-na-stiahnutie\/#breadcrumb"},"inLanguage":"sk-SK","potentialAction":[{"@type":"ReadAction","target":["https:\/\/3mon.sk\/eshop\/certifikaty-na-stiahnutie\/"]}]},{"@type":"BreadcrumbList","@id":"https:\/\/3mon.sk\/eshop\/certifikaty-na-stiahnutie\/#breadcrumb","itemListElement":[{"@type":"ListItem","position":1,"name":"Domovsk\u00e1 str\u00e1nka","item":"https:\/\/3mon.sk\/eshop\/"},{"@type":"ListItem","position":2,"name":"Certifik\u00e1ty na stiahnutie"}]},{"@type":"WebSite","@id":"https:\/\/3mon.sk\/eshop\/#website","url":"https:\/\/3mon.sk\/eshop\/","name":"3MON Eshop","description":"","publisher":{"@id":"https:\/\/3mon.sk\/eshop\/#organization"},"potentialAction":[{"@type":"SearchAction","target":{"@type":"EntryPoint","urlTemplate":"https:\/\/3mon.sk\/eshop\/?s={search_term_string}"},"query-input":{"@type":"PropertyValueSpecification","valueRequired":true,"valueName":"search_term_string"}}],"inLanguage":"sk-SK"},{"@type":"Organization","@id":"https:\/\/3mon.sk\/eshop\/#organization","name":"3MON, s. r. o.","url":"https:\/\/3mon.sk\/eshop\/","logo":{"@type":"ImageObject","inLanguage":"sk-SK","@id":"https:\/\/3mon.sk\/eshop\/#\/schema\/logo\/image\/","url":"https:\/\/3mon.sk\/eshop\/wp-content\/uploads\/2024\/06\/3mon_logo_new.png","contentUrl":"https:\/\/3mon.sk\/eshop\/wp-content\/uploads\/2024\/06\/3mon_logo_new.png","width":656,"height":206,"caption":"3MON, s. r. o."},"image":{"@id":"https:\/\/3mon.sk\/eshop\/#\/schema\/logo\/image\/"},"sameAs":["https:\/\/www.facebook.com\/3MONsro","https:\/\/www.instagram.com\/3mon_rescue\/"]}]}},"_links":{"self":[{"href":"https:\/\/3mon.sk\/eshop\/wp-json\/wp\/v2\/pages\/1572","targetHints":{"allow":["GET"]}}],"collection":[{"href":"https:\/\/3mon.sk\/eshop\/wp-json\/wp\/v2\/pages"}],"about":[{"href":"https:\/\/3mon.sk\/eshop\/wp-json\/wp\/v2\/types\/page"}],"author":[{"embeddable":true,"href":"https:\/\/3mon.sk\/eshop\/wp-json\/wp\/v2\/users\/1"}],"replies":[{"embeddable":true,"href":"https:\/\/3mon.sk\/eshop\/wp-json\/wp\/v2\/comments?post=1572"}],"version-history":[{"count":16,"href":"https:\/\/3mon.sk\/eshop\/wp-json\/wp\/v2\/pages\/1572\/revisions"}],"predecessor-version":[{"id":1659,"href":"https:\/\/3mon.sk\/eshop\/wp-json\/wp\/v2\/pages\/1572\/revisions\/1659"}],"wp:attachment":[{"href":"https:\/\/3mon.sk\/eshop\/wp-json\/wp\/v2\/media?parent=1572"}],"curies":[{"name":"wp","href":"https:\/\/api.w.org\/{rel}","templated":true}]}}